Last updated on 2025-10-31 00:51:02 CET.
| Flavor | Version | Tinstall | Tcheck | Ttotal | Status | Flags | 
|---|---|---|---|---|---|---|
| r-devel-linux-x86_64-debian-clang | 1.1.1 | 4.21 | 54.82 | 59.03 | NOTE | |
| r-devel-linux-x86_64-debian-gcc | 1.1.1 | 3.42 | 41.25 | 44.67 | NOTE | |
| r-devel-linux-x86_64-fedora-clang | 1.1.1 | 92.15 | NOTE | |||
| r-devel-linux-x86_64-fedora-gcc | 1.1.1 | 98.91 | NOTE | |||
| r-devel-windows-x86_64 | 1.1.1 | 8.00 | 72.00 | 80.00 | OK | |
| r-patched-linux-x86_64 | 1.1.1 | 4.71 | 50.93 | 55.64 | OK | |
| r-release-linux-x86_64 | 1.1.1 | 3.96 | 50.68 | 54.64 | OK | |
| r-release-macos-arm64 | 1.1.1 | 4.00 | 49.00 | 53.00 | OK | |
| r-release-macos-x86_64 | 1.1.1 | 6.00 | 64.00 | 70.00 | OK | |
| r-release-windows-x86_64 | 1.1.1 | 9.00 | 74.00 | 83.00 | OK | |
| r-oldrel-macos-arm64 | 1.1.1 | 3.00 | 33.00 | 36.00 | OK | |
| r-oldrel-macos-x86_64 | 1.1.1 | 4.00 | 53.00 | 57.00 | OK | |
| r-oldrel-windows-x86_64 | 1.1.1 | 11.00 | 94.00 | 105.00 | OK | 
Version: 1.1.1
Check: CRAN incoming feasibility
Result: NOTE
  Maintainer: ‘Dylan Catlett <dcat4444@gmail.com>’
  
  No Authors@R field in DESCRIPTION.
  Please add one, modifying
    Authors@R: c(person(given = "Dylan",
                        family = "Catlett",
                        role = c("aut", "cre"),
                        email = "dcat4444@gmail.com"),
                 person(given = "Kevin",
                        family = "Son",
                        role = "ctb"),
                 person(given = "Connie",
                        family = "Liang",
                        role = "ctb"))
  as necessary.
Flavors: r-devel-linux-x86_64-debian-clang, r-devel-linux-x86_64-debian-gcc
Version: 1.1.1
Check: dependencies in R code
Result: NOTE
  Namespaces in Imports field not imported from:
    ‘Biostrings’ ‘DECIPHER’ ‘ggplot2’ ‘reshape2’ ‘usethis’
    All declared Imports should be used.
Flavors: r-devel-linux-x86_64-fedora-clang, r-devel-linux-x86_64-fedora-gcc