Last updated on 2025-10-31 00:51:02 CET.
| Flavor | Version | Tinstall | Tcheck | Ttotal | Status | Flags | 
|---|---|---|---|---|---|---|
| r-devel-linux-x86_64-debian-clang | 1.2-6 | 1.75 | 26.10 | 27.85 | NOTE | |
| r-devel-linux-x86_64-debian-gcc | 1.2-6 | 1.38 | 21.18 | 22.56 | NOTE | |
| r-devel-linux-x86_64-fedora-clang | 1.2-6 | 41.13 | OK | |||
| r-devel-linux-x86_64-fedora-gcc | 1.2-6 | 53.48 | OK | |||
| r-devel-windows-x86_64 | 1.2-6 | 4.00 | 51.00 | 55.00 | OK | |
| r-patched-linux-x86_64 | 1.2-6 | 1.46 | 24.67 | 26.13 | OK | |
| r-release-linux-x86_64 | 1.2-6 | 1.72 | 24.81 | 26.53 | OK | |
| r-release-macos-arm64 | 1.2-6 | 1.00 | 22.00 | 23.00 | OK | |
| r-release-macos-x86_64 | 1.2-6 | 3.00 | 50.00 | 53.00 | OK | |
| r-release-windows-x86_64 | 1.2-6 | 6.00 | 52.00 | 58.00 | OK | |
| r-oldrel-macos-arm64 | 1.2-6 | 1.00 | 27.00 | 28.00 | OK | |
| r-oldrel-macos-x86_64 | 1.2-6 | 2.00 | 33.00 | 35.00 | OK | |
| r-oldrel-windows-x86_64 | 1.2-6 | 4.00 | 57.00 | 61.00 | OK | 
Version: 1.2-6
Check: CRAN incoming feasibility
Result: NOTE
  Maintainer: ‘Bill Venables <Bill.Venables@gmail.com>’
  
  No Authors@R field in DESCRIPTION.
  Please add one, modifying
    Authors@R: c(person(given = "John",
                        family = "Fox",
                        role = "aut"),
                 person(given = "Bill",
                        family = "Venables",
                        role = c("aut", "cre"),
                        email = "bill.venables@gmail.com"),
                 person(given = "Anthony",
                        family = "Damico",
                        role = "aut"),
                 person(given = c("Anne", "Pier"),
                        family = "Salverda",
                        role = "aut"))
  as necessary.
Flavors: r-devel-linux-x86_64-debian-clang, r-devel-linux-x86_64-debian-gcc