Last updated on 2024-07-22 01:49:22 CEST.
Flavor | Version | Tinstall | Tcheck | Ttotal | Status | Flags |
---|---|---|---|---|---|---|
r-devel-linux-x86_64-debian-clang | 1.3.11 | 21.95 | 147.24 | 169.19 | OK | |
r-devel-linux-x86_64-debian-gcc | 1.3.11 | 15.49 | 111.51 | 127.00 | OK | |
r-devel-linux-x86_64-fedora-clang | 1.3.11 | 214.07 | NOTE | |||
r-devel-linux-x86_64-fedora-gcc | 1.3.11 | 192.75 | NOTE | |||
r-devel-windows-x86_64 | 1.3.11 | 18.00 | 118.00 | 136.00 | OK | |
r-patched-linux-x86_64 | 1.3.11 | 14.25 | 144.50 | 158.75 | OK | |
r-release-linux-x86_64 | 1.3.11 | 12.62 | 141.27 | 153.89 | OK | |
r-release-macos-arm64 | 1.3.11 | 49.00 | OK | |||
r-release-macos-x86_64 | 1.3.11 | 85.00 | OK | |||
r-release-windows-x86_64 | 1.3.11 | 16.00 | 117.00 | 133.00 | OK | |
r-oldrel-macos-arm64 | 1.3.11 | 56.00 | OK | |||
r-oldrel-macos-x86_64 | 1.3.11 | 97.00 | OK | |||
r-oldrel-windows-x86_64 | 1.3.11 | 24.00 | 140.00 | 164.00 | OK |
Version: 1.3.11
Check: data for non-ASCII characters
Result: NOTE
Note: found 23639 marked Latin-1 strings
Flavors: r-devel-linux-x86_64-fedora-clang, r-devel-linux-x86_64-fedora-gcc