Last updated on 2025-10-31 00:51:02 CET.
| Flavor | Version | Tinstall | Tcheck | Ttotal | Status | Flags | 
|---|---|---|---|---|---|---|
| r-devel-linux-x86_64-debian-clang | 1.5-0 | 4.52 | 90.38 | 94.90 | NOTE | |
| r-devel-linux-x86_64-debian-gcc | 1.5-0 | 3.02 | 65.51 | 68.53 | NOTE | |
| r-devel-linux-x86_64-fedora-clang | 1.5-0 | 11.00 | 128.07 | 139.07 | NOTE | |
| r-devel-linux-x86_64-fedora-gcc | 1.5-0 | 29.00 | 127.22 | 156.22 | NOTE | |
| r-devel-windows-x86_64 | 1.5-0 | 6.00 | 167.00 | 173.00 | OK | |
| r-patched-linux-x86_64 | 1.5-0 | 5.55 | 85.97 | 91.52 | OK | |
| r-release-linux-x86_64 | 1.5-0 | 4.41 | 85.08 | 89.49 | OK | |
| r-release-macos-arm64 | 1.5-0 | 2.00 | 129.00 | 131.00 | WARN | |
| r-release-macos-x86_64 | 1.5-0 | 4.00 | 169.00 | 173.00 | OK | |
| r-release-windows-x86_64 | 1.5-0 | 8.00 | 166.00 | 174.00 | OK | |
| r-oldrel-macos-arm64 | 1.5-0 | 2.00 | 123.00 | 125.00 | WARN | |
| r-oldrel-macos-x86_64 | 1.5-0 | 4.00 | 226.00 | 230.00 | OK | |
| r-oldrel-windows-x86_64 | 1.5-0 | 9.00 | 175.00 | 184.00 | OK | 
Version: 1.5-0
Check: Rd files
Result: NOTE
  checkRd: (-1) theta.neville.Rd:45-58: Only 2 columns allowed in this table (row 1 has 1)
Flavors: r-devel-linux-x86_64-debian-clang, r-devel-linux-x86_64-debian-gcc, r-devel-linux-x86_64-fedora-clang, r-devel-linux-x86_64-fedora-gcc
Version: 1.5-0
Check: re-building of vignette outputs
Result: WARN
  Error(s) in re-building vignettes:
  --- re-building ‘elliptic.Rnw’ using Sweave
  
  Attaching package: ‘elliptic’
  
  The following objects are masked from ‘package:stats’:
  
      sd, sigma
  
  The following object is masked from ‘package:base’:
  
      is.primitive
  
  Loading required package: emulator
  Loading required package: mvtnorm
  Loading required package: calibrator
  Error: processing vignette 'elliptic.Rnw' failed with diagnostics:
  Running 'texi2dvi' on 'elliptic.tex' failed.
  LaTeX errors:
  !pdfTeX error: pdflatex (file bbm6): Font bbm6 at 600 not found
   ==> Fatal error occurred, no output PDF file produced!
  --- failed re-building ‘elliptic.Rnw’
  
  --- re-building ‘residuetheorem.Rnw’ using Sweave
  
  Attaching package: ‘elliptic’
  
  The following objects are masked from ‘package:stats’:
  
      sd, sigma
  
  The following object is masked from ‘package:base’:
  
      is.primitive
  
  Warning in genhypergeo_series(U, L, z, tol = tol, maxiter = maxiter, check_mod = check_mod,  :
    series not converged
  --- finished re-building ‘residuetheorem.Rnw’
  
  SUMMARY: processing the following file failed:
    ‘elliptic.Rnw’
  
  Error: Vignette re-building failed.
  Execution halted
Flavors: r-release-macos-arm64, r-oldrel-macos-arm64