Last updated on 2025-10-31 00:51:02 CET.
| Flavor | Version | Tinstall | Tcheck | Ttotal | Status | Flags | 
|---|---|---|---|---|---|---|
| r-devel-linux-x86_64-debian-clang | 1.3 | 2.58 | 26.18 | 28.76 | NOTE | |
| r-devel-linux-x86_64-debian-gcc | 1.3 | 1.87 | 20.39 | 22.26 | NOTE | |
| r-devel-linux-x86_64-fedora-clang | 1.3 | 43.12 | OK | |||
| r-devel-linux-x86_64-fedora-gcc | 1.3 | 41.35 | OK | |||
| r-devel-windows-x86_64 | 1.3 | 4.00 | 48.00 | 52.00 | OK | |
| r-patched-linux-x86_64 | 1.3 | 2.65 | 25.25 | 27.90 | OK | |
| r-release-linux-x86_64 | 1.3 | 2.62 | 25.27 | 27.89 | OK | |
| r-release-macos-arm64 | 1.3 | 2.00 | 18.00 | 20.00 | OK | |
| r-release-macos-x86_64 | 1.3 | 4.00 | 38.00 | 42.00 | OK | |
| r-release-windows-x86_64 | 1.3 | 4.00 | 51.00 | 55.00 | OK | |
| r-oldrel-macos-arm64 | 1.3 | 2.00 | 23.00 | 25.00 | OK | |
| r-oldrel-macos-x86_64 | 1.3 | 2.00 | 30.00 | 32.00 | OK | |
| r-oldrel-windows-x86_64 | 1.3 | 3.00 | 47.00 | 50.00 | OK | 
Version: 1.3
Check: CRAN incoming feasibility
Result: NOTE
  Maintainer: ‘Hui Zou <zouxx019@umn.edu>’
  
  No Authors@R field in DESCRIPTION.
  Please add one, modifying
    Authors@R: c(person(given = "Hui",
                        family = "Zou",
                        role = c("aut", "cre"),
                        email = "zouxx019@umn.edu"),
                 person(given = "Trevor",
                        family = "Hastie",
                        role = "aut",
                        email = "hastie@stanford.edu"))
  as necessary.
Flavors: r-devel-linux-x86_64-debian-clang, r-devel-linux-x86_64-debian-gcc