Last updated on 2025-10-31 00:51:02 CET.
| Flavor | Version | Tinstall | Tcheck | Ttotal | Status | Flags | 
|---|---|---|---|---|---|---|
| r-devel-linux-x86_64-debian-clang | 0.4.2 | 4.10 | 46.11 | 50.21 | NOTE | |
| r-devel-linux-x86_64-debian-gcc | 0.4.2 | 2.85 | 34.33 | 37.18 | NOTE | |
| r-devel-linux-x86_64-fedora-clang | 0.4.2 | 73.78 | NOTE | |||
| r-devel-linux-x86_64-fedora-gcc | 0.4.2 | 85.51 | NOTE | |||
| r-devel-windows-x86_64 | 0.4.2 | 6.00 | 63.00 | 69.00 | NOTE | |
| r-patched-linux-x86_64 | 0.4.2 | 3.51 | 41.50 | 45.01 | NOTE | |
| r-release-linux-x86_64 | 0.4.2 | 3.46 | 41.38 | 44.84 | NOTE | |
| r-release-macos-arm64 | 0.4.2 | 2.00 | 35.00 | 37.00 | NOTE | |
| r-release-macos-x86_64 | 0.4.2 | 4.00 | 59.00 | 63.00 | NOTE | |
| r-release-windows-x86_64 | 0.4.2 | 6.00 | 62.00 | 68.00 | NOTE | |
| r-oldrel-macos-arm64 | 0.4.2 | 2.00 | 32.00 | 34.00 | OK | |
| r-oldrel-macos-x86_64 | 0.4.2 | 3.00 | 43.00 | 46.00 | OK | |
| r-oldrel-windows-x86_64 | 0.4.2 | 8.00 | 74.00 | 82.00 | OK | 
Version: 0.4.2
Check: DESCRIPTION meta-information
Result: NOTE
    Missing dependency on R >= 4.1.0 because package code uses the pipe
    |> or function shorthand \(...) syntax added in R 4.1.0.
    File(s) using such syntax:
      ‘directory.R’ ‘facets.R’ ‘metadata.R’
Flavors: r-devel-linux-x86_64-debian-clang, r-devel-linux-x86_64-debian-gcc, r-devel-linux-x86_64-fedora-clang, r-devel-linux-x86_64-fedora-gcc, r-devel-windows-x86_64, r-patched-linux-x86_64, r-release-linux-x86_64, r-release-macos-arm64, r-release-macos-x86_64, r-release-windows-x86_64