Last updated on 2025-10-31 00:51:02 CET.
| Flavor | Version | Tinstall | Tcheck | Ttotal | Status | Flags | 
|---|---|---|---|---|---|---|
| r-devel-linux-x86_64-debian-clang | 0.1.0 | 4.82 | 216.21 | 221.03 | NOTE | |
| r-devel-linux-x86_64-debian-gcc | 0.1.0 | 3.28 | 187.56 | 190.84 | NOTE | |
| r-devel-linux-x86_64-fedora-clang | 0.1.0 | 10.00 | 362.59 | 372.59 | NOTE | |
| r-devel-linux-x86_64-fedora-gcc | 0.1.0 | 385.32 | NOTE | |||
| r-devel-windows-x86_64 | 0.1.0 | 7.00 | 385.00 | 392.00 | NOTE | |
| r-patched-linux-x86_64 | 0.1.0 | 4.36 | 233.70 | 238.06 | NOTE | |
| r-release-linux-x86_64 | 0.1.0 | 4.47 | 231.22 | 235.69 | NOTE | |
| r-release-macos-arm64 | 0.1.0 | 2.00 | 181.00 | 183.00 | NOTE | |
| r-release-macos-x86_64 | 0.1.0 | 4.00 | 434.00 | 438.00 | NOTE | |
| r-release-windows-x86_64 | 0.1.0 | 11.00 | 389.00 | 400.00 | NOTE | |
| r-oldrel-macos-arm64 | 0.1.0 | 2.00 | 165.00 | 167.00 | NOTE | |
| r-oldrel-macos-x86_64 | 0.1.0 | 3.00 | 377.00 | 380.00 | NOTE | |
| r-oldrel-windows-x86_64 | 0.1.0 | 9.00 | 509.00 | 518.00 | NOTE | 
Version: 0.1.0
Check: Rd files
Result: NOTE
  checkRd: (-1) eesim.Rd:148-151: Lost braces in \itemize; \value handles \item{}{} directly
  checkRd: (-1) eesim.Rd:152-155: Lost braces in \itemize; \value handles \item{}{} directly
  checkRd: (-1) eesim.Rd:156-158: Lost braces in \itemize; \value handles \item{}{} directly
Flavors: r-devel-linux-x86_64-debian-clang, r-devel-linux-x86_64-debian-gcc, r-devel-linux-x86_64-fedora-clang, r-devel-linux-x86_64-fedora-gcc, r-devel-windows-x86_64, r-patched-linux-x86_64, r-release-linux-x86_64, r-release-macos-arm64, r-release-macos-x86_64, r-release-windows-x86_64, r-oldrel-macos-arm64, r-oldrel-macos-x86_64, r-oldrel-windows-x86_64
Version: 0.1.0
Check: LazyData
Result: NOTE
    'LazyData' is specified without a 'data' directory
Flavors: r-oldrel-macos-arm64, r-oldrel-macos-x86_64, r-oldrel-windows-x86_64