Last updated on 2025-10-31 00:51:02 CET.
| Flavor | Version | Tinstall | Tcheck | Ttotal | Status | Flags | 
|---|---|---|---|---|---|---|
| r-devel-linux-x86_64-debian-clang | 0.1.1 | 2.12 | 25.82 | 27.94 | NOTE | |
| r-devel-linux-x86_64-debian-gcc | 0.1.1 | 1.75 | 20.10 | 21.85 | NOTE | |
| r-devel-linux-x86_64-fedora-clang | 0.1.1 | 42.19 | OK | |||
| r-devel-linux-x86_64-fedora-gcc | 0.1.1 | 39.77 | OK | |||
| r-devel-windows-x86_64 | 0.1.1 | 3.00 | 43.00 | 46.00 | OK | |
| r-patched-linux-x86_64 | 0.1.1 | 2.68 | 24.45 | 27.13 | OK | |
| r-release-linux-x86_64 | 0.1.1 | 2.16 | 24.46 | 26.62 | OK | |
| r-release-macos-arm64 | 0.1.1 | 1.00 | 17.00 | 18.00 | OK | |
| r-release-macos-x86_64 | 0.1.1 | 2.00 | 27.00 | 29.00 | OK | |
| r-release-windows-x86_64 | 0.1.1 | 4.00 | 46.00 | 50.00 | OK | |
| r-oldrel-macos-arm64 | 0.1.1 | 1.00 | 15.00 | 16.00 | OK | |
| r-oldrel-macos-x86_64 | 0.1.1 | 2.00 | 21.00 | 23.00 | OK | |
| r-oldrel-windows-x86_64 | 0.1.1 | 3.00 | 47.00 | 50.00 | OK | 
Version: 0.1.1
Check: CRAN incoming feasibility
Result: NOTE
  Maintainer: ‘Yongbo Gan <yongbogan@whu.edu.cn>’
  
  No Authors@R field in DESCRIPTION.
  Please add one, modifying
    Authors@R: c(person(given = "Yongbo",
                        family = "Gan",
                        role = c("aut", "cre"),
                        email = "yongbogan@whu.edu.cn"),
                 person(given = "Zhijian",
                        family = "Yang",
                        role = "aut"),
                 person(given = "Wei",
                        family = "Mei",
                        role = "aut"))
  as necessary.
Flavors: r-devel-linux-x86_64-debian-clang, r-devel-linux-x86_64-debian-gcc