Last updated on 2025-10-31 00:51:02 CET.
| Flavor | Version | Tinstall | Tcheck | Ttotal | Status | Flags | 
|---|---|---|---|---|---|---|
| r-devel-linux-x86_64-debian-clang | 1.2.6.4 | 3.72 | 49.41 | 53.13 | NOTE | |
| r-devel-linux-x86_64-debian-gcc | 1.2.6.4 | 2.61 | 35.53 | 38.14 | NOTE | |
| r-devel-linux-x86_64-fedora-clang | 1.2.6.4 | 79.18 | OK | |||
| r-devel-linux-x86_64-fedora-gcc | 1.2.6.4 | 92.57 | OK | |||
| r-devel-windows-x86_64 | 1.2.6.4 | 7.00 | 78.00 | 85.00 | OK | |
| r-patched-linux-x86_64 | 1.2.6.4 | 2.94 | 47.05 | 49.99 | OK | |
| r-release-linux-x86_64 | 1.2.6.4 | 3.05 | 47.50 | 50.55 | OK | |
| r-release-macos-arm64 | 1.2.6.4 | 3.00 | 31.00 | 34.00 | OK | |
| r-release-macos-x86_64 | 1.2.6.4 | 5.00 | 58.00 | 63.00 | OK | |
| r-release-windows-x86_64 | 1.2.6.4 | 7.00 | 83.00 | 90.00 | OK | |
| r-oldrel-macos-arm64 | 1.2.6.4 | 3.00 | 28.00 | 31.00 | OK | |
| r-oldrel-macos-x86_64 | 1.2.6.4 | 3.00 | 44.00 | 47.00 | OK | |
| r-oldrel-windows-x86_64 | 1.2.6.4 | 9.00 | 90.00 | 99.00 | OK | 
Version: 1.2.6.4
Check: CRAN incoming feasibility
Result: NOTE
  Maintainer: ‘Karline Soetaert <karline.soetaert@nioz.nl>’
  
  No Authors@R field in DESCRIPTION.
  Please add one, modifying
    Authors@R: c(person(given = "Karline",
                        family = "Soetaert",
                        role = c("aut", "cre"),
                        email = "karline.soetaert@nioz.nl"),
                 person(given = c("Peter", "MJ"),
                        family = "Herman",
                        role = "aut",
                        email = "peter.herman@nioz.nl"))
  as necessary.
Flavors: r-devel-linux-x86_64-debian-clang, r-devel-linux-x86_64-debian-gcc