Last updated on 2025-02-22 00:49:43 CET.
Flavor | Version | Tinstall | Tcheck | Ttotal | Status | Flags |
---|---|---|---|---|---|---|
r-devel-linux-x86_64-debian-clang | 1.1 | 2.00 | 18.41 | 20.41 | NOTE | |
r-devel-linux-x86_64-debian-gcc | 1.1 | 1.47 | 15.24 | 16.71 | NOTE | |
r-devel-linux-x86_64-fedora-clang | 1.1 | 33.07 | OK | |||
r-devel-linux-x86_64-fedora-gcc | 1.1 | 31.17 | OK | |||
r-devel-macos-arm64 | 1.1 | 14.00 | OK | |||
r-devel-macos-x86_64 | 1.1 | 26.00 | OK | |||
r-devel-windows-x86_64 | 1.1 | 4.00 | 45.00 | 49.00 | NOTE | |
r-patched-linux-x86_64 | 1.1 | 2.31 | 17.75 | 20.06 | OK | |
r-release-linux-x86_64 | 1.1 | 1.71 | 17.62 | 19.33 | OK | |
r-release-macos-arm64 | 1.1 | 15.00 | OK | |||
r-release-macos-x86_64 | 1.1 | 20.00 | OK | |||
r-release-windows-x86_64 | 1.1 | 3.00 | 40.00 | 43.00 | OK | |
r-oldrel-macos-arm64 | 1.1 | 17.00 | OK | |||
r-oldrel-macos-x86_64 | 1.1 | 19.00 | OK | |||
r-oldrel-windows-x86_64 | 1.1 | 3.00 | 40.00 | 43.00 | OK |
Version: 1.1
Check: Rd cross-references
Result: NOTE
Found the following Rd file(s) with Rd \link{} targets missing package
anchors:
ecipex.Rd: count.elements
Please provide package anchors for all Rd \link{} targets not in the
package itself and the base packages.
Flavors: r-devel-linux-x86_64-debian-clang, r-devel-linux-x86_64-debian-gcc, r-devel-windows-x86_64