Last updated on 2025-02-22 00:49:43 CET.
Flavor | Version | Tinstall | Tcheck | Ttotal | Status | Flags |
---|---|---|---|---|---|---|
r-devel-linux-x86_64-debian-clang | 0.1.0 | 3.88 | 34.33 | 38.21 | OK | |
r-devel-linux-x86_64-debian-gcc | 0.1.0 | 3.00 | 24.28 | 27.28 | OK | |
r-devel-linux-x86_64-fedora-clang | 0.1.0 | 60.64 | NOTE | |||
r-devel-linux-x86_64-fedora-gcc | 0.1.0 | 59.67 | NOTE | |||
r-devel-macos-arm64 | 0.0.5 | 26.00 | OK | |||
r-devel-macos-x86_64 | 0.1.0 | 33.00 | OK | |||
r-devel-windows-x86_64 | 0.0.5 | 6.00 | 60.00 | 66.00 | OK | |
r-patched-linux-x86_64 | 0.0.5 | 4.09 | 38.02 | 42.11 | OK | |
r-release-linux-x86_64 | 0.0.5 | 4.38 | 37.99 | 42.37 | OK | |
r-release-macos-arm64 | 0.0.5 | 25.00 | OK | |||
r-release-macos-x86_64 | 0.1.0 | 40.00 | OK | |||
r-release-windows-x86_64 | 0.1.0 | 7.00 | 55.00 | 62.00 | OK | |
r-oldrel-macos-arm64 | 0.0.5 | 28.00 | OK | |||
r-oldrel-macos-x86_64 | 0.1.0 | 44.00 | OK | |||
r-oldrel-windows-x86_64 | 0.1.0 | 14.00 | 67.00 | 81.00 | OK |
Version: 0.1.0
Check: dependencies in R code
Result: NOTE
Namespace in Imports field not imported from: ‘scales’
All declared Imports should be used.
Flavors: r-devel-linux-x86_64-fedora-clang, r-devel-linux-x86_64-fedora-gcc