Last updated on 2025-10-31 00:51:02 CET.
| Flavor | Version | Tinstall | Tcheck | Ttotal | Status | Flags | 
|---|---|---|---|---|---|---|
| r-devel-linux-x86_64-debian-clang | 0.1.0 | 3.14 | 32.09 | 35.23 | NOTE | |
| r-devel-linux-x86_64-debian-gcc | 0.1.0 | 2.46 | 26.09 | 28.55 | NOTE | |
| r-devel-linux-x86_64-fedora-clang | 0.1.0 | 51.75 | NOTE | |||
| r-devel-linux-x86_64-fedora-gcc | 0.1.0 | 50.41 | NOTE | |||
| r-devel-windows-x86_64 | 0.1.0 | 5.00 | 47.00 | 52.00 | OK | |
| r-patched-linux-x86_64 | 0.1.0 | 4.19 | 29.64 | 33.83 | OK | |
| r-release-linux-x86_64 | 0.1.0 | 3.48 | 29.74 | 33.22 | OK | |
| r-release-macos-arm64 | 0.1.0 | 2.00 | 18.00 | 20.00 | OK | |
| r-release-macos-x86_64 | 0.1.0 | 3.00 | 30.00 | 33.00 | OK | |
| r-release-windows-x86_64 | 0.1.0 | 6.00 | 51.00 | 57.00 | OK | |
| r-oldrel-macos-arm64 | 0.1.0 | 2.00 | 20.00 | 22.00 | OK | |
| r-oldrel-macos-x86_64 | 0.1.0 | 3.00 | 26.00 | 29.00 | OK | |
| r-oldrel-windows-x86_64 | 0.1.0 | 7.00 | 55.00 | 62.00 | OK | 
Version: 0.1.0
Check: CRAN incoming feasibility
Result: NOTE
  Maintainer: ‘Jiaqi Tang <1107967177@qq.com>’
  
  No Authors@R field in DESCRIPTION.
  Please add one, modifying
    Authors@R: person(given = "Jiaqi",
                      family = "Tang",
                      role = c("aut", "cre"),
                      email = "1107967177@qq.com")
  as necessary.
Flavors: r-devel-linux-x86_64-debian-clang, r-devel-linux-x86_64-debian-gcc
Version: 0.1.0
Check: dependencies in R code
Result: NOTE
  Namespace in Imports field not imported from: ‘graphics’
    All declared Imports should be used.
Flavors: r-devel-linux-x86_64-fedora-clang, r-devel-linux-x86_64-fedora-gcc