Last updated on 2024-08-24 02:49:37 CEST.
Flavor | Version | Tinstall | Tcheck | Ttotal | Status | Flags |
---|---|---|---|---|---|---|
r-devel-linux-x86_64-debian-clang | 3.2.1 | 7.95 | 68.79 | 76.74 | NOTE | |
r-devel-linux-x86_64-debian-gcc | 3.2.1 | 7.01 | 49.05 | 56.06 | NOTE | |
r-devel-linux-x86_64-fedora-clang | 3.2.1 | 124.29 | OK | |||
r-devel-linux-x86_64-fedora-gcc | 3.2.1 | 116.48 | OK | |||
r-devel-windows-x86_64 | 3.2.1 | 12.00 | 89.00 | 101.00 | NOTE | |
r-patched-linux-x86_64 | 3.2.1 | 13.34 | 65.63 | 78.97 | OK | |
r-release-linux-x86_64 | 3.2.1 | 8.88 | 65.68 | 74.56 | OK | |
r-release-macos-arm64 | 3.2.1 | 36.00 | OK | |||
r-release-macos-x86_64 | 3.2.1 | 56.00 | OK | |||
r-release-windows-x86_64 | 3.2.1 | 11.00 | 86.00 | 97.00 | OK | |
r-oldrel-macos-arm64 | 3.2.1 | 41.00 | OK | |||
r-oldrel-macos-x86_64 | 3.2.1 | 79.00 | OK | |||
r-oldrel-windows-x86_64 | 3.2.1 | 15.00 | 106.00 | 121.00 | OK |
Version: 3.2.1
Check: Rd cross-references
Result: NOTE
Found the following Rd file(s) with Rd \link{} targets missing package
anchors:
familias2dvir.Rd: readFam
Please provide package anchors for all Rd \link{} targets not in the
package itself and the base packages.
Flavors: r-devel-linux-x86_64-debian-clang, r-devel-linux-x86_64-debian-gcc, r-devel-windows-x86_64