Last updated on 2024-07-22 01:49:21 CEST.
Flavor | Version | Tinstall | Tcheck | Ttotal | Status | Flags |
---|---|---|---|---|---|---|
r-devel-linux-x86_64-debian-clang | 0.2.0 | 1.79 | 23.83 | 25.62 | OK | |
r-devel-linux-x86_64-debian-gcc | 0.2.0 | 1.71 | 18.34 | 20.05 | OK | |
r-devel-linux-x86_64-fedora-clang | 0.2.0 | 32.36 | NOTE | |||
r-devel-linux-x86_64-fedora-gcc | 0.2.0 | 30.74 | OK | |||
r-devel-windows-x86_64 | 0.2.0 | 2.00 | 46.00 | 48.00 | OK | |
r-patched-linux-x86_64 | 0.2.0 | 2.30 | 22.87 | 25.17 | OK | |
r-release-linux-x86_64 | 0.2.0 | 1.72 | 22.80 | 24.52 | OK | |
r-release-macos-arm64 | 0.2.0 | 16.00 | OK | |||
r-release-macos-x86_64 | 0.2.0 | 28.00 | OK | |||
r-release-windows-x86_64 | 0.2.0 | 2.00 | 45.00 | 47.00 | OK | |
r-oldrel-macos-arm64 | 0.2.0 | 16.00 | OK | |||
r-oldrel-macos-x86_64 | 0.2.0 | 20.00 | OK | |||
r-oldrel-windows-x86_64 | 0.2.0 | 3.00 | 50.00 | 53.00 | OK |
Version: 0.2.0
Check: Rd cross-references
Result: NOTE
Undeclared packages ‘dstat’, ‘sensitivity2x2xk’ in Rd xrefs
Flavor: r-devel-linux-x86_64-fedora-clang