Last updated on 2025-02-22 00:49:43 CET.
Flavor | Version | Tinstall | Tcheck | Ttotal | Status | Flags |
---|---|---|---|---|---|---|
r-devel-linux-x86_64-debian-clang | 0.3.1 | 3.06 | 29.94 | 33.00 | OK | |
r-devel-linux-x86_64-debian-gcc | 0.3.1 | 2.26 | 23.77 | 26.03 | OK | |
r-devel-linux-x86_64-fedora-clang | 0.3.1 | 52.96 | OK | |||
r-devel-linux-x86_64-fedora-gcc | 0.3.1 | 49.97 | OK | |||
r-devel-macos-arm64 | 0.3.1 | 22.00 | OK | |||
r-devel-macos-x86_64 | 0.3.1 | 34.00 | OK | |||
r-devel-windows-x86_64 | 0.3.1 | 4.00 | 55.00 | 59.00 | OK | |
r-patched-linux-x86_64 | 0.3.1 | 2.81 | 28.39 | 31.20 | NOTE | |
r-release-linux-x86_64 | 0.3.1 | 3.26 | 28.65 | 31.91 | NOTE | |
r-release-macos-arm64 | 0.3.1 | 21.00 | NOTE | |||
r-release-macos-x86_64 | 0.3.1 | 29.00 | NOTE | |||
r-release-windows-x86_64 | 0.3.1 | 6.00 | 50.00 | 56.00 | NOTE | |
r-oldrel-macos-arm64 | 0.3.1 | 21.00 | NOTE | |||
r-oldrel-macos-x86_64 | 0.3.1 | 32.00 | NOTE | |||
r-oldrel-windows-x86_64 | 0.3.1 | 6.00 | 53.00 | 59.00 | NOTE |
Version: 0.3.1
Check: LazyData
Result: NOTE
'LazyData' is specified without a 'data' directory
Flavors: r-patched-linux-x86_64, r-release-linux-x86_64, r-release-macos-arm64, r-release-macos-x86_64, r-release-windows-x86_64, r-oldrel-macos-arm64, r-oldrel-macos-x86_64, r-oldrel-windows-x86_64