Last updated on 2025-02-22 00:49:43 CET.
Flavor | Version | Tinstall | Tcheck | Ttotal | Status | Flags |
---|---|---|---|---|---|---|
r-devel-linux-x86_64-debian-clang | 0.6.5 | 4.06 | 37.59 | 41.65 | OK | |
r-devel-linux-x86_64-debian-gcc | 0.6.5 | 3.58 | 27.87 | 31.45 | OK | |
r-devel-linux-x86_64-fedora-clang | 0.6.5 | 67.07 | OK | |||
r-devel-linux-x86_64-fedora-gcc | 0.6.5 | 61.05 | OK | |||
r-devel-macos-arm64 | 0.6.5 | 24.00 | OK | |||
r-devel-macos-x86_64 | 0.6.5 | 41.00 | OK | |||
r-devel-windows-x86_64 | 0.6.5 | 6.00 | 57.00 | 63.00 | OK | |
r-patched-linux-x86_64 | 0.6.5 | 4.58 | 35.22 | 39.80 | NOTE | |
r-release-linux-x86_64 | 0.6.5 | 4.15 | 34.65 | 38.80 | NOTE | |
r-release-macos-arm64 | 0.6.5 | 25.00 | NOTE | |||
r-release-macos-x86_64 | 0.6.5 | 33.00 | NOTE | |||
r-release-windows-x86_64 | 0.6.5 | 6.00 | 56.00 | 62.00 | NOTE | |
r-oldrel-macos-arm64 | 0.6.5 | 27.00 | NOTE | |||
r-oldrel-macos-x86_64 | 0.6.5 | 33.00 | NOTE | |||
r-oldrel-windows-x86_64 | 0.6.5 | 8.00 | 62.00 | 70.00 | NOTE |
Version: 0.6.5
Check: LazyData
Result: NOTE
'LazyData' is specified without a 'data' directory
Flavors: r-patched-linux-x86_64, r-release-linux-x86_64, r-release-macos-arm64, r-release-macos-x86_64, r-release-windows-x86_64, r-oldrel-macos-arm64, r-oldrel-macos-x86_64, r-oldrel-windows-x86_64