Last updated on 2025-10-31 00:51:01 CET.
| Flavor | Version | Tinstall | Tcheck | Ttotal | Status | Flags | 
|---|---|---|---|---|---|---|
| r-devel-linux-x86_64-debian-clang | 1.0.1 | 1.84 | 26.62 | 28.46 | NOTE | |
| r-devel-linux-x86_64-debian-gcc | 1.0.1 | 1.56 | 21.96 | 23.52 | NOTE | |
| r-devel-linux-x86_64-fedora-clang | 1.0.1 | 41.80 | OK | |||
| r-devel-linux-x86_64-fedora-gcc | 1.0.1 | 53.82 | OK | |||
| r-devel-windows-x86_64 | 1.0.1 | 3.00 | 44.00 | 47.00 | OK | |
| r-patched-linux-x86_64 | 1.0.1 | 1.90 | 24.14 | 26.04 | OK | |
| r-release-linux-x86_64 | 1.0.1 | 1.84 | 24.25 | 26.09 | OK | |
| r-release-macos-arm64 | 1.0.1 | 1.00 | 22.00 | 23.00 | OK | |
| r-release-macos-x86_64 | 1.0.1 | 3.00 | 41.00 | 44.00 | OK | |
| r-release-windows-x86_64 | 1.0.1 | 3.00 | 46.00 | 49.00 | OK | |
| r-oldrel-macos-arm64 | 1.0.1 | 1.00 | 20.00 | 21.00 | NOTE | |
| r-oldrel-macos-x86_64 | 1.0.1 | 2.00 | 36.00 | 38.00 | NOTE | |
| r-oldrel-windows-x86_64 | 1.0.1 | 4.00 | 54.00 | 58.00 | NOTE | 
Version: 1.0.1
Check: CRAN incoming feasibility
Result: NOTE
  Maintainer: ‘Ben Artin <ben@artins.org>’
  
  No Authors@R field in DESCRIPTION.
  Please add one, modifying
    Authors@R: person(given = "Ben",
                      family = "Artin",
                      role = c("aut", "cre"),
                      email = "ben@artins.org")
  as necessary.
Flavors: r-devel-linux-x86_64-debian-clang, r-devel-linux-x86_64-debian-gcc
Version: 1.0.1
Check: LazyData
Result: NOTE
    'LazyData' is specified without a 'data' directory
Flavors: r-oldrel-macos-arm64, r-oldrel-macos-x86_64, r-oldrel-windows-x86_64