Last updated on 2025-02-22 00:49:43 CET.
Flavor | Version | Tinstall | Tcheck | Ttotal | Status | Flags |
---|---|---|---|---|---|---|
r-devel-linux-x86_64-debian-clang | 0.4 | 1.93 | 21.00 | 22.93 | NOTE | |
r-devel-linux-x86_64-debian-gcc | 0.4 | 1.56 | 16.49 | 18.05 | NOTE | |
r-devel-linux-x86_64-fedora-clang | 0.4 | 35.54 | NOTE | |||
r-devel-linux-x86_64-fedora-gcc | 0.4 | 34.15 | NOTE | |||
r-devel-macos-arm64 | 0.4 | 17.00 | NOTE | |||
r-devel-macos-x86_64 | 0.4 | 32.00 | NOTE | |||
r-devel-windows-x86_64 | 0.4 | 5.00 | 53.00 | 58.00 | NOTE | |
r-patched-linux-x86_64 | 0.4 | 2.57 | 19.96 | 22.53 | NOTE | |
r-release-linux-x86_64 | 0.4 | 1.75 | 19.88 | 21.63 | NOTE | |
r-release-macos-arm64 | 0.4 | 18.00 | NOTE | |||
r-release-macos-x86_64 | 0.4 | 25.00 | NOTE | |||
r-release-windows-x86_64 | 0.4 | 5.00 | 52.00 | 57.00 | NOTE | |
r-oldrel-macos-arm64 | 0.4 | 18.00 | OK | |||
r-oldrel-macos-x86_64 | 0.4 | 23.00 | OK | |||
r-oldrel-windows-x86_64 | 0.4 | 6.00 | 53.00 | 59.00 | OK |
Version: 0.4
Check: Rd files
Result: NOTE
checkRd: (-1) beetle.Rd:13: Lost braces; missing escapes or markup?
13 | \item{\code{x}}{dose (log base 10 CS2mgl^{-1})}
| ^
Flavors: r-devel-linux-x86_64-debian-clang, r-devel-linux-x86_64-debian-gcc, r-devel-linux-x86_64-fedora-clang, r-devel-linux-x86_64-fedora-gcc, r-devel-macos-arm64, r-devel-macos-x86_64, r-devel-windows-x86_64, r-patched-linux-x86_64, r-release-linux-x86_64, r-release-macos-arm64, r-release-macos-x86_64, r-release-windows-x86_64