Last updated on 2025-02-22 00:49:43 CET.
Flavor | Version | Tinstall | Tcheck | Ttotal | Status | Flags |
---|---|---|---|---|---|---|
r-devel-linux-x86_64-debian-clang | 2.8.3 | 18.55 | 52.69 | 71.24 | OK | |
r-devel-linux-x86_64-debian-gcc | 2.8.3 | 12.29 | 39.94 | 52.23 | OK | |
r-devel-linux-x86_64-fedora-clang | 2.8.3 | 113.00 | OK | |||
r-devel-linux-x86_64-fedora-gcc | 2.8.3 | 107.23 | OK | |||
r-devel-macos-arm64 | 2.8.3 | 34.00 | OK | |||
r-devel-macos-x86_64 | 2.8.3 | 64.00 | OK | |||
r-devel-windows-x86_64 | 2.8.3 | 17.00 | 75.00 | 92.00 | OK | |
r-patched-linux-x86_64 | 2.8.3 | 18.10 | 49.66 | 67.76 | OK | |
r-release-linux-x86_64 | 2.8.3 | 17.11 | 49.87 | 66.98 | OK | |
r-release-macos-arm64 | 2.8.3 | 42.00 | OK | |||
r-release-macos-x86_64 | 2.8.3 | 79.00 | OK | |||
r-release-windows-x86_64 | 2.8.3 | 17.00 | 74.00 | 91.00 | OK | |
r-oldrel-macos-arm64 | 2.8.3 | 39.00 | NOTE | |||
r-oldrel-macos-x86_64 | 2.8.3 | 96.00 | OK | |||
r-oldrel-windows-x86_64 | 2.8.3 | 21.00 | 99.00 | 120.00 | OK |
Version: 2.8.3
Check: package dependencies
Result: NOTE
Package suggested but not available for checking: ‘distrEx’
Flavor: r-oldrel-macos-arm64