Last updated on 2024-06-03 02:53:12 CEST.
Flavor | Version | Tinstall | Tcheck | Ttotal | Status | Flags |
---|---|---|---|---|---|---|
r-devel-linux-x86_64-debian-clang | 2.9.3 | 40.85 | 273.52 | 314.37 | OK | |
r-devel-linux-x86_64-debian-gcc | 2.9.3 | 31.34 | 194.86 | 226.20 | OK | |
r-devel-linux-x86_64-fedora-clang | 2.9.3 | 293.75 | OK | |||
r-devel-linux-x86_64-fedora-gcc | 2.9.3 | 288.00 | OK | |||
r-devel-windows-x86_64 | 2.9.3 | 36.00 | 236.00 | 272.00 | OK | |
r-patched-linux-x86_64 | 2.9.3 | 41.37 | 255.25 | 296.62 | WARN | |
r-release-linux-x86_64 | 2.9.3 | 41.34 | 256.44 | 297.78 | OK | |
r-release-macos-arm64 | 2.9.3 | 92.00 | OK | |||
r-release-macos-x86_64 | 2.9.3 | 342.00 | NOTE | |||
r-release-windows-x86_64 | 2.9.3 | 32.00 | 238.00 | 270.00 | OK | |
r-oldrel-macos-arm64 | 2.9.3 | 95.00 | OK | |||
r-oldrel-macos-x86_64 | 2.9.3 | 292.00 | OK | |||
r-oldrel-windows-x86_64 | 2.9.3 | 36.00 | 302.00 | 338.00 | OK |
Version: 2.9.3
Check: re-building of vignette outputs
Result: WARN
Error(s) in re-building vignettes:
...
--- re-building ‘newDistributions-knitr.Rnw’ using knitr
Warning in doTryCatch(return(expr), name, parentenv, handler) :
"panel.first" is not a graphical parameter
Warning in doTryCatch(return(expr), name, parentenv, handler) :
"panel.first" is not a graphical parameter
Error: processing vignette 'newDistributions-knitr.Rnw' failed with diagnostics:
Running 'texi2dvi' on 'newDistributions-knitr.tex' failed.
LaTeX errors:
! Undefined control sequence.
l.233 \hlkwd{require}\hldef
{(distr)}
?
! Emergency stop.
! Emergency stop.
l.233
End of file on the terminal!
! ==> Fatal error occurred, no output PDF file produced!
--- failed re-building ‘newDistributions-knitr.Rnw’
SUMMARY: processing the following file failed:
‘newDistributions-knitr.Rnw’
Error: Vignette re-building failed.
Execution halted
Flavor: r-patched-linux-x86_64
Version: 2.9.3
Check: package dependencies
Result: NOTE
Packages suggested but not available for checking: 'distrMod', 'ROptEst'
Package which this enhances but not available for checking: ‘RobAStBase’
Flavor: r-release-macos-x86_64
Version: 2.9.3
Check: Rd cross-references
Result: NOTE
Unknown packages ‘distrMod’, ‘RobAStBase’ in Rd xrefs
Flavor: r-release-macos-x86_64