Last updated on 2025-02-22 00:49:43 CET.
Flavor | Version | Tinstall | Tcheck | Ttotal | Status | Flags |
---|---|---|---|---|---|---|
r-devel-linux-x86_64-debian-clang | 0.6.37 | 11.71 | 26.90 | 38.61 | NOTE | |
r-devel-linux-x86_64-debian-gcc | 0.6.37 | 9.23 | 21.19 | 30.42 | NOTE | |
r-devel-linux-x86_64-fedora-clang | 0.6.37 | 62.48 | OK | |||
r-devel-linux-x86_64-fedora-gcc | 0.6.37 | 77.40 | OK | |||
r-devel-macos-arm64 | 0.6.37 | 29.00 | OK | |||
r-devel-macos-x86_64 | 0.6.37 | 52.00 | OK | |||
r-devel-windows-x86_64 | 0.6.37 | 25.00 | 52.00 | 77.00 | OK | |
r-patched-linux-x86_64 | 0.6.37 | 12.51 | 24.91 | 37.42 | OK | |
r-release-linux-x86_64 | 0.6.37 | 11.95 | 25.30 | 37.25 | OK | |
r-release-macos-arm64 | 0.6.37 | 56.00 | OK | |||
r-release-macos-x86_64 | 0.6.37 | 118.00 | OK | |||
r-release-windows-x86_64 | 0.6.37 | 24.00 | 67.00 | 91.00 | OK | |
r-oldrel-macos-arm64 | 0.6.37 | 63.00 | OK | |||
r-oldrel-macos-x86_64 | 0.6.37 | 105.00 | OK | |||
r-oldrel-windows-x86_64 | 0.6.37 | 24.00 | 51.00 | 75.00 | OK |
Version: 0.6.37
Check: for unstated dependencies in ‘demo’
Result: NOTE
'::' or ':::' import not declared from: ‘rbenchmark’
Flavors: r-devel-linux-x86_64-debian-clang, r-devel-linux-x86_64-debian-gcc