CRAN Package Check Results for Package diffr

Last updated on 2025-02-22 00:49:43 CET.

Flavor Version Tinstall Tcheck Ttotal Status Flags
r-devel-linux-x86_64-debian-clang 0.1 2.46 22.65 25.11 NOTE
r-devel-linux-x86_64-debian-gcc 0.1 1.60 18.18 19.78 NOTE
r-devel-linux-x86_64-fedora-clang 0.1 39.62 OK
r-devel-linux-x86_64-fedora-gcc 0.1 38.30 OK
r-devel-macos-arm64 0.1 18.00 OK
r-devel-macos-x86_64 0.1 30.00 OK
r-devel-windows-x86_64 0.1 5.00 56.00 61.00 NOTE
r-patched-linux-x86_64 0.1 6.18 21.83 28.01 NOTE
r-release-linux-x86_64 0.1 2.18 21.58 23.76 NOTE
r-release-macos-arm64 0.1 18.00 NOTE
r-release-macos-x86_64 0.1 27.00 NOTE
r-release-windows-x86_64 0.1 4.00 50.00 54.00 NOTE
r-oldrel-macos-arm64 0.1 18.00 NOTE
r-oldrel-macos-x86_64 0.1 25.00 NOTE
r-oldrel-windows-x86_64 0.1 4.00 74.00 78.00 NOTE

Check Details

Version: 0.1
Check: Rd cross-references
Result: NOTE Found the following Rd file(s) with Rd \link{} targets missing package anchors: diffr.Rd: createWidget Please provide package anchors for all Rd \link{} targets not in the package itself and the base packages. Flavors: r-devel-linux-x86_64-debian-clang, r-devel-linux-x86_64-debian-gcc, r-devel-windows-x86_64

Version: 0.1
Check: LazyData
Result: NOTE 'LazyData' is specified without a 'data' directory Flavors: r-patched-linux-x86_64, r-release-linux-x86_64, r-release-macos-arm64, r-release-macos-x86_64, r-release-windows-x86_64, r-oldrel-macos-arm64, r-oldrel-macos-x86_64, r-oldrel-windows-x86_64