Last updated on 2025-10-31 00:51:01 CET.
| Flavor | Version | Tinstall | Tcheck | Ttotal | Status | Flags | 
|---|---|---|---|---|---|---|
| r-devel-linux-x86_64-debian-clang | 2.0 | 27.53 | 112.17 | 139.70 | NOTE | |
| r-devel-linux-x86_64-debian-gcc | 2.0 | 17.35 | 74.31 | 91.66 | NOTE | |
| r-devel-linux-x86_64-fedora-clang | 2.0 | 61.00 | 163.12 | 224.12 | OK | |
| r-devel-linux-x86_64-fedora-gcc | 2.0 | 66.00 | 147.93 | 213.93 | OK | |
| r-devel-windows-x86_64 | 2.0 | 27.00 | 104.00 | 131.00 | OK | |
| r-patched-linux-x86_64 | 2.0 | 26.17 | 106.43 | 132.60 | OK | |
| r-release-linux-x86_64 | 2.0 | 23.19 | 109.01 | 132.20 | OK | |
| r-release-macos-arm64 | 2.0 | 12.00 | 41.00 | 53.00 | OK | |
| r-release-macos-x86_64 | 2.0 | 28.00 | 85.00 | 113.00 | OK | |
| r-release-windows-x86_64 | 2.0 | 29.00 | 108.00 | 137.00 | OK | |
| r-oldrel-macos-arm64 | 2.0 | 12.00 | 42.00 | 54.00 | OK | |
| r-oldrel-macos-x86_64 | 2.0 | 19.00 | 66.00 | 85.00 | OK | |
| r-oldrel-windows-x86_64 | 2.0 | 36.00 | 136.00 | 172.00 | OK | 
Version: 2.0
Check: CRAN incoming feasibility
Result: NOTE
  Maintainer: ‘Maengseok Noh <msnoh@pknu.ac.kr>’
  
  No Authors@R field in DESCRIPTION.
  Please add one, modifying
    Authors@R: c(person(given = "Youngjo",
                        family = "Lee",
                        role = "aut"),
                 person(given = "Maengseok",
                        family = "Noh",
                        role = c("aut", "cre"),
                        email = "msnoh@pknu.ac.kr"))
  as necessary.
Flavors: r-devel-linux-x86_64-debian-clang, r-devel-linux-x86_64-debian-gcc