Last updated on 2025-10-31 00:51:01 CET.
| Flavor | Version | Tinstall | Tcheck | Ttotal | Status | Flags | 
|---|---|---|---|---|---|---|
| r-devel-linux-x86_64-debian-clang | 0.9.6 | 22.10 | 107.47 | 129.57 | OK | |
| r-devel-linux-x86_64-debian-gcc | 0.9.6 | 15.41 | 74.74 | 90.15 | OK | |
| r-devel-linux-x86_64-fedora-clang | 0.9.6 | 46.00 | 152.09 | 198.09 | OK | |
| r-devel-linux-x86_64-fedora-gcc | 0.9.6 | 56.00 | 150.08 | 206.08 | OK | |
| r-devel-windows-x86_64 | 0.9.6 | 30.00 | 136.00 | 166.00 | OK | |
| r-patched-linux-x86_64 | 0.9.6 | 23.29 | 98.69 | 121.98 | OK | |
| r-release-linux-x86_64 | 0.9.6 | 23.50 | 98.96 | 122.46 | OK | |
| r-release-macos-arm64 | 0.9.6 | 10.00 | 55.00 | 65.00 | OK | |
| r-release-macos-x86_64 | 0.9.6 | 16.00 | 89.00 | 105.00 | OK | |
| r-release-windows-x86_64 | 0.9.6 | 31.00 | 132.00 | 163.00 | OK | |
| r-oldrel-macos-arm64 | 0.9.6 | 10.00 | 43.00 | 53.00 | NOTE | |
| r-oldrel-macos-x86_64 | 0.9.6 | 14.00 | 80.00 | 94.00 | NOTE | |
| r-oldrel-windows-x86_64 | 0.9.6 | 38.00 | 176.00 | 214.00 | NOTE | 
Version: 0.9.6
Check: installed package size
Result: NOTE
    installed size is  5.2Mb
    sub-directories of 1Mb or more:
      extdata   2.1Mb
      libs      2.3Mb
Flavors: r-oldrel-macos-arm64, r-oldrel-macos-x86_64
Version: 0.9.6
Check: LazyData
Result: NOTE
    'LazyData' is specified without a 'data' directory
Flavors: r-oldrel-macos-arm64, r-oldrel-macos-x86_64, r-oldrel-windows-x86_64