Last updated on 2025-10-31 00:51:01 CET.
| Flavor | Version | Tinstall | Tcheck | Ttotal | Status | Flags | 
|---|---|---|---|---|---|---|
| r-devel-linux-x86_64-debian-clang | 0.9.1 | 4.66 | 57.99 | 62.65 | NOTE | |
| r-devel-linux-x86_64-debian-gcc | 0.9.1 | 3.60 | 43.80 | 47.40 | NOTE | |
| r-devel-linux-x86_64-fedora-clang | 0.9.1 | 26.00 | 76.07 | 102.07 | NOTE | |
| r-devel-linux-x86_64-fedora-gcc | 0.9.1 | 20.00 | 77.64 | 97.64 | NOTE | |
| r-devel-windows-x86_64 | 0.9.1 | 7.00 | 74.00 | 81.00 | NOTE | |
| r-patched-linux-x86_64 | 0.9.1 | 4.79 | 53.33 | 58.12 | NOTE | |
| r-release-linux-x86_64 | 0.9.1 | 4.88 | 53.49 | 58.37 | NOTE | |
| r-release-macos-arm64 | 0.9.1 | 2.00 | 28.00 | 30.00 | NOTE | |
| r-release-macos-x86_64 | 0.9.1 | 4.00 | 48.00 | 52.00 | NOTE | |
| r-release-windows-x86_64 | 0.9.1 | 7.00 | 75.00 | 82.00 | NOTE | |
| r-oldrel-macos-arm64 | 0.9.1 | 2.00 | 29.00 | 31.00 | NOTE | |
| r-oldrel-macos-x86_64 | 0.9.1 | 6.00 | 51.00 | 57.00 | NOTE | |
| r-oldrel-windows-x86_64 | 0.9.1 | 9.00 | 93.00 | 102.00 | NOTE | 
Version: 0.9.1
Check: Rd files
Result: NOTE
  checkRd: (-1) install_pkg_set.Rd:24: Lost braces; missing escapes or markup?
      24 | can use some sets already prepared and included into `{depigner}`
         |                                                       ^
  checkRd: (-1) pkg_sets.Rd:65: Lost braces; missing escapes or markup?
      65 | the sets (that is the reason why, e.g., you do not see `{shiny}` or
         |                                                         ^
  checkRd: (-1) pkg_sets.Rd:71: Lost braces; missing escapes or markup?
      71 | `{beepr}`, `{fortunes}`, and `{telegram.bot}`.
         |  ^
  checkRd: (-1) pkg_sets.Rd:71: Lost braces; missing escapes or markup?
      71 | `{beepr}`, `{fortunes}`, and `{telegram.bot}`.
         |             ^
  checkRd: (-1) pkg_sets.Rd:71: Lost braces; missing escapes or markup?
      71 | `{beepr}`, `{fortunes}`, and `{telegram.bot}`.
         |                               ^
  checkRd: (-1) pkg_sets.Rd:73: Lost braces; missing escapes or markup?
      73 | \item \code{pkg_utils}: Utilities for data analyses, including `{here}`,
         |                                                                 ^
  checkRd: (-1) pkg_sets.Rd:74: Lost braces; missing escapes or markup?
      74 | `{lobstr}`, `{progress}`, `{progressr}`, `{readxl}`, `{tidyverse}`,
         |  ^
  checkRd: (-1) pkg_sets.Rd:74: Lost braces; missing escapes or markup?
      74 | `{lobstr}`, `{progress}`, `{progressr}`, `{readxl}`, `{tidyverse}`,
         |              ^
  checkRd: (-1) pkg_sets.Rd:74: Lost braces; missing escapes or markup?
      74 | `{lobstr}`, `{progress}`, `{progressr}`, `{readxl}`, `{tidyverse}`,
         |                            ^
  checkRd: (-1) pkg_sets.Rd:74: Lost braces; missing escapes or markup?
      74 | `{lobstr}`, `{progress}`, `{progressr}`, `{readxl}`, `{tidyverse}`,
         |                                           ^
  checkRd: (-1) pkg_sets.Rd:74: Lost braces; missing escapes or markup?
      74 | `{lobstr}`, `{progress}`, `{progressr}`, `{readxl}`, `{tidyverse}`,
         |                                                       ^
  checkRd: (-1) pkg_sets.Rd:75: Lost braces; missing escapes or markup?
      75 | and `{writexl}`.
         |      ^
  checkRd: (-1) pkg_sets.Rd:77: Lost braces; missing escapes or markup?
      77 | \item \code{pkg_speed}: Are you in a hurry?! This includes `{furrr}`,
         |                                                             ^
  checkRd: (-1) pkg_sets.Rd:78: Lost braces; missing escapes or markup?
      78 | `{parallel}`, `snow`, and `{tidyfast}`.
         |  ^
  checkRd: (-1) pkg_sets.Rd:78: Lost braces; missing escapes or markup?
      78 | `{parallel}`, `snow`, and `{tidyfast}`.
         |                            ^
  checkRd: (-1) pkg_sets.Rd:81: Lost braces; missing escapes or markup?
      81 | `{keras}` nor `{tensorflow}` which require _ad hoc_ configuration).
         |  ^
  checkRd: (-1) pkg_sets.Rd:81: Lost braces; missing escapes or markup?
      81 | `{keras}` nor `{tensorflow}` which require _ad hoc_ configuration).
         |                ^
  checkRd: (-1) pkg_sets.Rd:82: Lost braces; missing escapes or markup?
      82 |  This includes `{caret}`, `{glmnet}`, `{mlr3}`, `{snow}`,
         |                 ^
  checkRd: (-1) pkg_sets.Rd:82: Lost braces; missing escapes or markup?
      82 |  This includes `{caret}`, `{glmnet}`, `{mlr3}`, `{snow}`,
         |                            ^
  checkRd: (-1) pkg_sets.Rd:82: Lost braces; missing escapes or markup?
      82 |  This includes `{caret}`, `{glmnet}`, `{mlr3}`, `{snow}`,
         |                                        ^
  checkRd: (-1) pkg_sets.Rd:82: Lost braces; missing escapes or markup?
      82 |  This includes `{caret}`, `{glmnet}`, `{mlr3}`, `{snow}`,
         |                                                  ^
  checkRd: (-1) pkg_sets.Rd:83: Lost braces; missing escapes or markup?
      83 |  `{tidymodels}`, `{tidytext}`, and `{tm}`.
         |   ^
  checkRd: (-1) pkg_sets.Rd:83: Lost braces; missing escapes or markup?
      83 |  `{tidymodels}`, `{tidytext}`, and `{tm}`.
         |                   ^
  checkRd: (-1) pkg_sets.Rd:83: Lost braces; missing escapes or markup?
      83 |  `{tidymodels}`, `{tidytext}`, and `{tm}`.
         |                                     ^
  checkRd: (-1) pkg_sets.Rd:86: Lost braces; missing escapes or markup?
      86 | This includes `{CBPS}`, `{cobalt}`, `{dlnm}`, `{ggeffects}`,
         |                ^
  checkRd: (-1) pkg_sets.Rd:86: Lost braces; missing escapes or markup?
      86 | This includes `{CBPS}`, `{cobalt}`, `{dlnm}`, `{ggeffects}`,
         |                          ^
  checkRd: (-1) pkg_sets.Rd:86: Lost braces; missing escapes or markup?
      86 | This includes `{CBPS}`, `{cobalt}`, `{dlnm}`, `{ggeffects}`,
         |                                      ^
  checkRd: (-1) pkg_sets.Rd:86: Lost braces; missing escapes or markup?
      86 | This includes `{CBPS}`, `{cobalt}`, `{dlnm}`, `{ggeffects}`,
         |                                                ^
  checkRd: (-1) pkg_sets.Rd:87: Lost braces; missing escapes or markup?
      87 | `{MatchIt}`, `{mice}`, `{rms}`, `{twang}`, and `{WeightIt}`.
         |  ^
  checkRd: (-1) pkg_sets.Rd:87: Lost braces; missing escapes or markup?
      87 | `{MatchIt}`, `{mice}`, `{rms}`, `{twang}`, and `{WeightIt}`.
         |               ^
  checkRd: (-1) pkg_sets.Rd:87: Lost braces; missing escapes or markup?
      87 | `{MatchIt}`, `{mice}`, `{rms}`, `{twang}`, and `{WeightIt}`.
         |                         ^
  checkRd: (-1) pkg_sets.Rd:87: Lost braces; missing escapes or markup?
      87 | `{MatchIt}`, `{mice}`, `{rms}`, `{twang}`, and `{WeightIt}`.
         |                                  ^
  checkRd: (-1) pkg_sets.Rd:87: Lost braces; missing escapes or markup?
      87 | `{MatchIt}`, `{mice}`, `{rms}`, `{twang}`, and `{WeightIt}`.
         |                                                 ^
  checkRd: (-1) pkg_sets.Rd:91: Lost braces; missing escapes or markup?
      91 | into `pkg_all`). This includes `{rstanarm}`, and `{brms}`.
         |                                 ^
  checkRd: (-1) pkg_sets.Rd:91: Lost braces; missing escapes or markup?
      91 | into `pkg_all`). This includes `{rstanarm}`, and `{brms}`.
         |                                                   ^
  checkRd: (-1) pkg_sets.Rd:93: Lost braces; missing escapes or markup?
      93 | \item \code{pkg_devel}: Develop stuff in R. This includes `{assertive}`,
         |                                                            ^
  checkRd: (-1) pkg_sets.Rd:94: Lost braces; missing escapes or markup?
      94 | `{checkmate}`, `{covr}`, `{lintr}`, `{profvis}`, `{pryr}`,
         |  ^
  checkRd: (-1) pkg_sets.Rd:94: Lost braces; missing escapes or markup?
      94 | `{checkmate}`, `{covr}`, `{lintr}`, `{profvis}`, `{pryr}`,
         |                 ^
  checkRd: (-1) pkg_sets.Rd:94: Lost braces; missing escapes or markup?
      94 | `{checkmate}`, `{covr}`, `{lintr}`, `{profvis}`, `{pryr}`,
         |                           ^
  checkRd: (-1) pkg_sets.Rd:94: Lost braces; missing escapes or markup?
      94 | `{checkmate}`, `{covr}`, `{lintr}`, `{profvis}`, `{pryr}`,
         |                                      ^
  checkRd: (-1) pkg_sets.Rd:94: Lost braces; missing escapes or markup?
      94 | `{checkmate}`, `{covr}`, `{lintr}`, `{profvis}`, `{pryr}`,
         |                                                   ^
  checkRd: (-1) pkg_sets.Rd:95: Lost braces; missing escapes or markup?
      95 | `{renv}`, `{roxygen2}`, `{styler}`, `{tarchetypes}`, `{testthat}`,
         |  ^
  checkRd: (-1) pkg_sets.Rd:95: Lost braces; missing escapes or markup?
      95 | `{renv}`, `{roxygen2}`, `{styler}`, `{tarchetypes}`, `{testthat}`,
         |            ^
  checkRd: (-1) pkg_sets.Rd:95: Lost braces; missing escapes or markup?
      95 | `{renv}`, `{roxygen2}`, `{styler}`, `{tarchetypes}`, `{testthat}`,
         |                          ^
  checkRd: (-1) pkg_sets.Rd:95: Lost braces; missing escapes or markup?
      95 | `{renv}`, `{roxygen2}`, `{styler}`, `{tarchetypes}`, `{testthat}`,
         |                                      ^
  checkRd: (-1) pkg_sets.Rd:95: Lost braces; missing escapes or markup?
      95 | `{renv}`, `{roxygen2}`, `{styler}`, `{tarchetypes}`, `{testthat}`,
         |                                                       ^
  checkRd: (-1) pkg_sets.Rd:96: Lost braces; missing escapes or markup?
      96 | `{spelling}`, and `{usethis}`.
         |  ^
  checkRd: (-1) pkg_sets.Rd:96: Lost braces; missing escapes or markup?
      96 | `{spelling}`, and `{usethis}`.
         |                    ^
  checkRd: (-1) pkg_sets.Rd:99: Lost braces; missing escapes or markup?
      99 | `{blogdown}`, `{DT}`, `{pander}`, and `{pkgdown}`.
         |  ^
  checkRd: (-1) pkg_sets.Rd:99: Lost braces; missing escapes or markup?
      99 | `{blogdown}`, `{DT}`, `{pander}`, and `{pkgdown}`.
         |                ^
  checkRd: (-1) pkg_sets.Rd:99: Lost braces; missing escapes or markup?
      99 | `{blogdown}`, `{DT}`, `{pander}`, and `{pkgdown}`.
         |                        ^
  checkRd: (-1) pkg_sets.Rd:99: Lost braces; missing escapes or markup?
      99 | `{blogdown}`, `{DT}`, `{pander}`, and `{pkgdown}`.
         |                                        ^
  checkRd: (-1) pkg_sets.Rd:102: Lost braces; missing escapes or markup?
     102 | (`{shiny}` app included). This includes `{golem}`, `{docopt}`,
         |   ^
  checkRd: (-1) pkg_sets.Rd:102: Lost braces; missing escapes or markup?
     102 | (`{shiny}` app included). This includes `{golem}`, `{docopt}`,
         |                                          ^
  checkRd: (-1) pkg_sets.Rd:102: Lost braces; missing escapes or markup?
     102 | (`{shiny}` app included). This includes `{golem}`, `{docopt}`,
         |                                                     ^
  checkRd: (-1) pkg_sets.Rd:103: Lost braces; missing escapes or markup?
     103 | `{plumbr}`, and `{shinyjs}`.
         |  ^
  checkRd: (-1) pkg_sets.Rd:103: Lost braces; missing escapes or markup?
     103 | `{plumbr}`, and `{shinyjs}`.
         |                  ^
  checkRd: (-1) tidy_summary.Rd:29: Lost braces; missing escapes or markup?
      29 | `{pander}`ed (e.g. printed on a word document after
         |  ^
  checkRd: (-1) tidy_summary.Rd:30: Lost braces; missing escapes or markup?
      30 | \code{knit}ting the source (with `{knitr}`).
         |                                   ^
Flavors: r-devel-linux-x86_64-debian-clang, r-devel-linux-x86_64-debian-gcc, r-devel-linux-x86_64-fedora-clang, r-devel-linux-x86_64-fedora-gcc, r-devel-windows-x86_64, r-patched-linux-x86_64, r-release-linux-x86_64, r-release-macos-arm64, r-release-macos-x86_64, r-release-windows-x86_64, r-oldrel-macos-arm64, r-oldrel-macos-x86_64, r-oldrel-windows-x86_64
Version: 0.9.1
Check: Rd cross-references
Result: NOTE
  Found the following Rd file(s) with Rd \link{} targets missing package
  anchors:
    start_bot_for_chat.Rd: telegram.bot
    use_ui.Rd: ui_line, ui_todo, ui_done, ui_oops, ui_info,
      ui_code_block, ui_stop, ui_warn, ui_yeah, ui_nope, ui_field,
      ui_value, ui_path, ui_code
  Please provide package anchors for all Rd \link{} targets not in the
  package itself and the base packages.
Flavors: r-devel-linux-x86_64-debian-clang, r-devel-linux-x86_64-debian-gcc, r-devel-windows-x86_64, r-patched-linux-x86_64, r-release-linux-x86_64, r-release-windows-x86_64