Last updated on 2025-10-31 00:51:01 CET.
| Flavor | Version | Tinstall | Tcheck | Ttotal | Status | Flags | 
|---|---|---|---|---|---|---|
| r-devel-linux-x86_64-debian-clang | 1.6 | 2.17 | 25.92 | 28.09 | NOTE | |
| r-devel-linux-x86_64-debian-gcc | 1.6 | 1.80 | 21.11 | 22.91 | NOTE | |
| r-devel-linux-x86_64-fedora-clang | 1.6 | 41.83 | NOTE | |||
| r-devel-linux-x86_64-fedora-gcc | 1.6 | 39.51 | NOTE | |||
| r-devel-windows-x86_64 | 1.6 | 5.00 | 43.00 | 48.00 | NOTE | |
| r-patched-linux-x86_64 | 1.6 | 2.35 | 24.28 | 26.63 | NOTE | |
| r-release-linux-x86_64 | 1.6 | 2.16 | 24.48 | 26.64 | NOTE | |
| r-release-macos-arm64 | 1.6 | 1.00 | 17.00 | 18.00 | NOTE | |
| r-release-macos-x86_64 | 1.6 | 2.00 | 25.00 | 27.00 | NOTE | |
| r-release-windows-x86_64 | 1.6 | 6.00 | 45.00 | 51.00 | NOTE | |
| r-oldrel-macos-arm64 | 1.6 | 1.00 | 17.00 | 18.00 | NOTE | |
| r-oldrel-macos-x86_64 | 1.6 | 2.00 | 22.00 | 24.00 | NOTE | |
| r-oldrel-windows-x86_64 | 1.6 | 5.00 | 50.00 | 55.00 | NOTE | 
Version: 1.6
Check: CRAN incoming feasibility
Result: NOTE
  Maintainer: ‘David Magis <david.magis@ulg.ac.be>’
  
  No Authors@R field in DESCRIPTION.
  Please add one, modifying
    Authors@R: c(person(given = "David",
                        family = "Magis",
                        role = c("aut", "cre"),
                        email = "david.magis@ulg.ac.be",
                        comment = "U Liege"),
                 person(given = "Bruno",
                        family = "Facon",
                        role = "aut",
                        comment = "Univ Lille-Nord de France"))
  as necessary.
  
  Package CITATION file contains call(s) to old-style personList() or
  as.personList().  Please use c() on person objects instead.
  Package CITATION file contains call(s) to old-style citEntry().  Please
  use bibentry() instead.
Flavors: r-devel-linux-x86_64-debian-clang, r-devel-linux-x86_64-debian-gcc
Version: 1.6
Check: Rd files
Result: NOTE
  checkRd: (-1) deltaPlot.Rd:28: Lost braces
      28 |  \item{purify}{logical: should item purification be performed? (Default is code{FALSE}). See \bold{Details}.}
         |                                                                                ^
Flavors: r-devel-linux-x86_64-debian-clang, r-devel-linux-x86_64-debian-gcc, r-devel-linux-x86_64-fedora-clang, r-devel-linux-x86_64-fedora-gcc, r-devel-windows-x86_64, r-patched-linux-x86_64, r-release-linux-x86_64, r-release-macos-arm64, r-release-macos-x86_64, r-release-windows-x86_64, r-oldrel-macos-arm64, r-oldrel-macos-x86_64, r-oldrel-windows-x86_64
Version: 1.6
Check: for non-standard things in the check directory
Result: NOTE
  Found the following files/directories:
    ‘res.pdf’ ‘res1.jpg’
Flavors: r-devel-linux-x86_64-debian-clang, r-devel-linux-x86_64-debian-gcc, r-devel-linux-x86_64-fedora-clang, r-devel-linux-x86_64-fedora-gcc, r-patched-linux-x86_64, r-release-linux-x86_64