Last updated on 2025-10-31 00:51:01 CET.
| Flavor | Version | Tinstall | Tcheck | Ttotal | Status | Flags | 
|---|---|---|---|---|---|---|
| r-devel-linux-x86_64-debian-clang | 0.1.0 | 11.26 | 99.67 | 110.93 | NOTE | |
| r-devel-linux-x86_64-debian-gcc | 0.1.0 | 8.93 | 72.87 | 81.80 | NOTE | |
| r-devel-linux-x86_64-fedora-clang | 0.1.0 | 30.00 | 146.08 | 176.08 | OK | |
| r-devel-linux-x86_64-fedora-gcc | 0.1.0 | 29.00 | 134.44 | 163.44 | OK | |
| r-devel-windows-x86_64 | 0.1.0 | 13.00 | 100.00 | 113.00 | OK | |
| r-patched-linux-x86_64 | 0.1.0 | 10.98 | 94.28 | 105.26 | OK | |
| r-release-linux-x86_64 | 0.1.0 | 11.35 | 93.90 | 105.25 | OK | |
| r-release-macos-arm64 | 0.1.0 | 5.00 | 37.00 | 42.00 | OK | |
| r-release-macos-x86_64 | 0.1.0 | 9.00 | 77.00 | 86.00 | OK | |
| r-release-windows-x86_64 | 0.1.0 | 12.00 | 104.00 | 116.00 | OK | |
| r-oldrel-macos-arm64 | 0.1.0 | 4.00 | 39.00 | 43.00 | OK | |
| r-oldrel-macos-x86_64 | 0.1.0 | 8.00 | 78.00 | 86.00 | OK | |
| r-oldrel-windows-x86_64 | 0.1.0 | 16.00 | 131.00 | 147.00 | OK | 
Version: 0.1.0
Check: CRAN incoming feasibility
Result: NOTE
  Maintainer: ‘Hong Zhang <hzhang@wpi.edu>’
  
  The Description field contains
    <arXiv:2401.00540>.
  Please refer to arXiv e-prints via their arXiv DOI <doi:10.48550/arXiv.YYMM.NNNNN>.
Flavors: r-devel-linux-x86_64-debian-clang, r-devel-linux-x86_64-debian-gcc