Last updated on 2025-10-31 00:51:01 CET.
| Flavor | Version | Tinstall | Tcheck | Ttotal | Status | Flags | 
|---|---|---|---|---|---|---|
| r-devel-linux-x86_64-debian-clang | 0.1.1 | 93.15 | 25.02 | 118.17 | NOTE | |
| r-devel-linux-x86_64-debian-gcc | 0.1.1 | 50.32 | 20.27 | 70.59 | NOTE | |
| r-devel-linux-x86_64-fedora-clang | 0.1.1 | 82.00 | 145.42 | 227.42 | OK | |
| r-devel-linux-x86_64-fedora-gcc | 0.1.1 | 144.00 | 44.50 | 188.50 | OK | |
| r-devel-windows-x86_64 | 0.1.1 | 102.00 | 65.00 | 167.00 | OK | |
| r-patched-linux-x86_64 | 0.1.1 | 87.83 | 23.76 | 111.59 | OK | |
| r-release-linux-x86_64 | 0.1.1 | 84.87 | 23.76 | 108.63 | OK | |
| r-release-macos-arm64 | 0.1.1 | 34.00 | 19.00 | 53.00 | OK | |
| r-release-macos-x86_64 | 0.1.1 | 30.00 | 35.00 | 65.00 | OK | |
| r-release-windows-x86_64 | 0.1.1 | 103.00 | 65.00 | 168.00 | OK | |
| r-oldrel-macos-arm64 | 0.1.1 | 24.00 | 20.00 | 44.00 | NOTE | |
| r-oldrel-macos-x86_64 | 0.1.1 | 26.00 | 22.00 | 48.00 | NOTE | |
| r-oldrel-windows-x86_64 | 0.1.1 | 117.00 | 77.00 | 194.00 | NOTE | 
Version: 0.1.1
Check: CRAN incoming feasibility
Result: NOTE
  Maintainer: ‘Hang Weiqiang <e0010758@u.nus.edu>’
  
  No Authors@R field in DESCRIPTION.
  Please add one, modifying
    Authors@R: person(given = "Hang",
                      family = "Weiqiang",
                      role = c("aut", "cre"),
                      email = "e0010758@u.nus.edu")
  as necessary.
Flavors: r-devel-linux-x86_64-debian-clang, r-devel-linux-x86_64-debian-gcc
Version: 0.1.1
Check: LazyData
Result: NOTE
    'LazyData' is specified without a 'data' directory
Flavors: r-oldrel-macos-arm64, r-oldrel-macos-x86_64, r-oldrel-windows-x86_64