Last updated on 2025-02-22 00:49:42 CET.
Flavor | Version | Tinstall | Tcheck | Ttotal | Status | Flags |
---|---|---|---|---|---|---|
r-devel-linux-x86_64-debian-clang | 0.1.0 | 2.54 | 31.49 | 34.03 | OK | |
r-devel-linux-x86_64-debian-gcc | 0.1.0 | 1.74 | 22.42 | 24.16 | OK | |
r-devel-linux-x86_64-fedora-clang | 0.1.0 | 53.41 | NOTE | |||
r-devel-linux-x86_64-fedora-gcc | 0.1.0 | 50.46 | NOTE | |||
r-devel-macos-arm64 | 0.1.0 | 22.00 | OK | |||
r-devel-macos-x86_64 | 0.1.0 | 44.00 | OK | |||
r-devel-windows-x86_64 | 0.1.0 | 4.00 | 59.00 | 63.00 | OK | |
r-patched-linux-x86_64 | 0.1.0 | 2.20 | 29.60 | 31.80 | NOTE | |
r-release-linux-x86_64 | 0.1.0 | 2.37 | 29.47 | 31.84 | NOTE | |
r-release-macos-arm64 | 0.1.0 | 21.00 | NOTE | |||
r-release-macos-x86_64 | 0.1.0 | 48.00 | NOTE | |||
r-release-windows-x86_64 | 0.1.0 | 4.00 | 53.00 | 57.00 | NOTE | |
r-oldrel-macos-arm64 | 0.1.0 | 21.00 | NOTE | |||
r-oldrel-macos-x86_64 | 0.1.0 | 30.00 | NOTE | |||
r-oldrel-windows-x86_64 | 0.1.0 | 5.00 | 81.00 | 86.00 | NOTE |
Version: 0.1.0
Check: dependencies in R code
Result: NOTE
Namespace in Imports field not imported from: ‘ggplot2’
All declared Imports should be used.
Flavors: r-devel-linux-x86_64-fedora-clang, r-devel-linux-x86_64-fedora-gcc
Version: 0.1.0
Check: LazyData
Result: NOTE
'LazyData' is specified without a 'data' directory
Flavors: r-patched-linux-x86_64, r-release-linux-x86_64, r-release-macos-arm64, r-release-macos-x86_64, r-release-windows-x86_64, r-oldrel-macos-arm64, r-oldrel-macos-x86_64, r-oldrel-windows-x86_64