Last updated on 2025-02-23 01:51:37 CET.
Flavor | Version | Tinstall | Tcheck | Ttotal | Status | Flags |
---|---|---|---|---|---|---|
r-devel-linux-x86_64-debian-clang | 0.8.11 | 64.27 | 32.10 | 96.37 | NOTE | |
r-devel-linux-x86_64-debian-gcc | 0.8.11 | 53.12 | 24.36 | 77.48 | NOTE | |
r-devel-linux-x86_64-fedora-clang | 0.8.11 | 172.59 | WARN | |||
r-devel-linux-x86_64-fedora-gcc | 0.8.11 | 175.69 | NOTE | |||
r-devel-macos-arm64 | 0.8.11 | 66.00 | NOTE | |||
r-devel-macos-x86_64 | 0.8.11 | 125.00 | NOTE | |||
r-devel-windows-x86_64 | 0.8.11 | 61.00 | 68.00 | 129.00 | NOTE | |
r-patched-linux-x86_64 | 0.8.11 | 65.71 | 29.42 | 95.13 | NOTE | |
r-release-linux-x86_64 | 0.8.11 | 63.27 | 29.50 | 92.77 | NOTE | |
r-release-macos-arm64 | 0.8.11 | 68.00 | NOTE | |||
r-release-macos-x86_64 | 0.8.11 | 104.00 | NOTE | |||
r-release-windows-x86_64 | 0.8.11 | 63.00 | 70.00 | 133.00 | NOTE | |
r-oldrel-macos-arm64 | 0.8.11 | 78.00 | NOTE | |||
r-oldrel-macos-x86_64 | 0.8.11 | 130.00 | NOTE | |||
r-oldrel-windows-x86_64 | 0.8.11 | 62.00 | 78.00 | 140.00 | NOTE |
Version: 0.8.11
Check: C++ specification
Result: NOTE
Specified C++11: please drop specification unless essential
Flavors: r-devel-linux-x86_64-debian-clang, r-devel-linux-x86_64-debian-gcc, r-devel-linux-x86_64-fedora-clang, r-devel-linux-x86_64-fedora-gcc, r-devel-macos-arm64, r-devel-macos-x86_64, r-devel-windows-x86_64, r-patched-linux-x86_64, r-release-linux-x86_64, r-release-macos-arm64, r-release-macos-x86_64, r-release-windows-x86_64, r-oldrel-macos-arm64, r-oldrel-macos-x86_64, r-oldrel-windows-x86_64
Version: 0.8.11
Check: whether package can be installed
Result: WARN
Found the following significant warnings:
simple_date/date.h:952:34: warning: identifier '_d' preceded by whitespace in a literal operator declaration is deprecated [-Wdeprecated-literal-operator]
simple_date/date.h:953:34: warning: identifier '_y' preceded by whitespace in a literal operator declaration is deprecated [-Wdeprecated-literal-operator]
simple_date/date.h:1871:13: warning: identifier '_d' preceded by whitespace in a literal operator declaration is deprecated [-Wdeprecated-literal-operator]
simple_date/date.h:1879:13: warning: identifier '_y' preceded by whitespace in a literal operator declaration is deprecated [-Wdeprecated-literal-operator]
See ‘/data/gannet/ripley/R/packages/tests-clang/datasailr.Rcheck/00install.out’ for details.
* used C++ compiler: ‘clang version 20.1.0-rc2’
Flavor: r-devel-linux-x86_64-fedora-clang
Version: 0.8.11
Check: for GNU extensions in Makefiles
Result: NOTE
GNU make is a SystemRequirements.
Flavors: r-patched-linux-x86_64, r-release-linux-x86_64, r-release-macos-arm64, r-release-macos-x86_64, r-release-windows-x86_64, r-oldrel-macos-arm64, r-oldrel-macos-x86_64, r-oldrel-windows-x86_64
Version: 0.8.11
Check: installed package size
Result: NOTE
installed size is 5.0Mb
sub-directories of 1Mb or more:
libs 4.6Mb
Flavors: r-release-macos-x86_64, r-oldrel-macos-arm64, r-oldrel-macos-x86_64