Last updated on 2025-10-31 00:51:01 CET.
| Flavor | Version | Tinstall | Tcheck | Ttotal | Status | Flags | 
|---|---|---|---|---|---|---|
| r-devel-linux-x86_64-debian-clang | 0.2.0 | 4.01 | 47.60 | 51.61 | NOTE | |
| r-devel-linux-x86_64-debian-gcc | 0.2.0 | 2.99 | 36.26 | 39.25 | NOTE | |
| r-devel-linux-x86_64-fedora-clang | 0.2.0 | 75.61 | OK | |||
| r-devel-linux-x86_64-fedora-gcc | 0.2.0 | 84.56 | OK | |||
| r-devel-windows-x86_64 | 0.2.0 | 5.00 | 85.00 | 90.00 | OK | |
| r-patched-linux-x86_64 | 0.2.0 | 3.80 | 43.99 | 47.79 | OK | |
| r-release-linux-x86_64 | 0.2.0 | 3.89 | 43.55 | 47.44 | OK | |
| r-release-macos-arm64 | 0.2.0 | 2.00 | 68.00 | 70.00 | OK | |
| r-release-macos-x86_64 | 0.2.0 | 4.00 | 95.00 | 99.00 | OK | |
| r-release-windows-x86_64 | 0.2.0 | 5.00 | 94.00 | 99.00 | OK | |
| r-oldrel-macos-arm64 | 0.2.0 | 2.00 | 70.00 | 72.00 | OK | |
| r-oldrel-macos-x86_64 | 0.2.0 | 3.00 | 79.00 | 82.00 | OK | |
| r-oldrel-windows-x86_64 | 0.2.0 | 7.00 | 90.00 | 97.00 | OK | 
Version: 0.2.0
Check: CRAN incoming feasibility
Result: NOTE
  Maintainer: ‘Valeri Voev <v_voev@yahoo.com>’
  
  No Authors@R field in DESCRIPTION.
  Please add one, modifying
    Authors@R: person(given = "Valeri",
                      family = "Voev",
                      role = c("aut", "cre"),
                      email = "v_voev@yahoo.com")
  as necessary.
Flavors: r-devel-linux-x86_64-debian-clang, r-devel-linux-x86_64-debian-gcc