Last updated on 2025-10-31 00:51:00 CET.
| Flavor | Version | Tinstall | Tcheck | Ttotal | Status | Flags | 
|---|---|---|---|---|---|---|
| r-devel-linux-x86_64-debian-clang | 0.2.0 | 1.84 | 44.84 | 46.68 | NOTE | |
| r-devel-linux-x86_64-debian-gcc | 0.2.0 | 1.45 | 33.02 | 34.47 | NOTE | |
| r-devel-linux-x86_64-fedora-clang | 0.2.0 | 71.66 | OK | |||
| r-devel-linux-x86_64-fedora-gcc | 0.2.0 | 80.79 | OK | |||
| r-devel-windows-x86_64 | 0.2.0 | 4.00 | 56.00 | 60.00 | OK | |
| r-patched-linux-x86_64 | 0.2.0 | 1.79 | 41.30 | 43.09 | OK | |
| r-release-linux-x86_64 | 0.2.0 | 1.60 | 41.43 | 43.03 | OK | |
| r-release-macos-arm64 | 0.2.0 | 1.00 | 27.00 | 28.00 | OK | |
| r-release-macos-x86_64 | 0.2.0 | 2.00 | 56.00 | 58.00 | OK | |
| r-release-windows-x86_64 | 0.2.0 | 3.00 | 59.00 | 62.00 | OK | |
| r-oldrel-macos-arm64 | 0.2.0 | 1.00 | 26.00 | 27.00 | NOTE | |
| r-oldrel-macos-x86_64 | 0.2.0 | 2.00 | 42.00 | 44.00 | NOTE | |
| r-oldrel-windows-x86_64 | 0.2.0 | 3.00 | 72.00 | 75.00 | NOTE | 
Version: 0.2.0
Check: CRAN incoming feasibility
Result: NOTE
  Maintainer: ‘Ben Marwick <benmarwick@gmail.com>’
  
  Found the following (possibly) invalid file URIs:
    URI: www.jstor.org/stable/90707
      From: inst/doc/how_to_test_CVs.html
    URI: CONDUCT.md
      From: README.md
Flavors: r-devel-linux-x86_64-debian-clang, r-devel-linux-x86_64-debian-gcc
Version: 0.2.0
Check: LazyData
Result: NOTE
    'LazyData' is specified without a 'data' directory
Flavors: r-oldrel-macos-arm64, r-oldrel-macos-x86_64, r-oldrel-windows-x86_64