Last updated on 2025-10-31 00:51:00 CET.
| Flavor | Version | Tinstall | Tcheck | Ttotal | Status | Flags | 
|---|---|---|---|---|---|---|
| r-devel-linux-x86_64-debian-clang | 1.1-2 | 2.56 | 27.26 | 29.82 | NOTE | |
| r-devel-linux-x86_64-debian-gcc | 1.1-2 | 1.80 | 21.32 | 23.12 | NOTE | |
| r-devel-linux-x86_64-fedora-clang | 1.1-2 | 41.65 | OK | |||
| r-devel-linux-x86_64-fedora-gcc | 1.1-2 | 39.32 | OK | |||
| r-devel-windows-x86_64 | 1.1-2 | 5.00 | 49.00 | 54.00 | OK | |
| r-patched-linux-x86_64 | 1.1-2 | 2.15 | 25.81 | 27.96 | OK | |
| r-release-linux-x86_64 | 1.1-2 | 2.40 | 26.25 | 28.65 | OK | |
| r-release-macos-arm64 | 1.1-2 | 1.00 | 17.00 | 18.00 | OK | |
| r-release-macos-x86_64 | 1.1-2 | 2.00 | 29.00 | 31.00 | OK | |
| r-release-windows-x86_64 | 1.1-2 | 5.00 | 48.00 | 53.00 | OK | |
| r-oldrel-macos-arm64 | 1.1-2 | 1.00 | 21.00 | 22.00 | OK | |
| r-oldrel-macos-x86_64 | 1.1-2 | 3.00 | 23.00 | 26.00 | OK | |
| r-oldrel-windows-x86_64 | 1.1-2 | 4.00 | 52.00 | 56.00 | OK | 
Version: 1.1-2
Check: CRAN incoming feasibility
Result: NOTE
  Maintainer: ‘Bjoern Bornkamp <bbnkmp@mail.de>’
  
  No Authors@R field in DESCRIPTION.
  Please add one, modifying
    Authors@R: c(person(given = c("Martin", "Oliver"),
                        family = "Sailer",
                        role = "aut"),
                 person(given = "Bjoern",
                        family = "Bornkamp",
                        role = "cre",
                        email = "bbnkmp@mail.de"))
  as necessary.
Flavors: r-devel-linux-x86_64-debian-clang, r-devel-linux-x86_64-debian-gcc