Last updated on 2025-10-31 00:51:00 CET.
| Flavor | Version | Tinstall | Tcheck | Ttotal | Status | Flags | 
|---|---|---|---|---|---|---|
| r-devel-linux-x86_64-debian-clang | 3.1 | 76.20 | 36.56 | 112.76 | NOTE | |
| r-devel-linux-x86_64-debian-gcc | 3.1 | 55.10 | 26.92 | 82.02 | NOTE | |
| r-devel-linux-x86_64-fedora-clang | 3.1 | 160.00 | 38.00 | 198.00 | NOTE | |
| r-devel-linux-x86_64-fedora-gcc | 3.1 | 147.00 | 66.01 | 213.01 | NOTE | |
| r-devel-windows-x86_64 | 3.1 | 105.00 | 85.00 | 190.00 | NOTE | |
| r-patched-linux-x86_64 | 3.1 | 82.40 | 34.13 | 116.53 | NOTE | |
| r-release-linux-x86_64 | 3.1 | 79.48 | 34.53 | 114.01 | NOTE | |
| r-release-macos-arm64 | 3.1 | 31.00 | 27.00 | 58.00 | NOTE | |
| r-release-macos-x86_64 | 3.1 | 37.00 | 61.00 | 98.00 | NOTE | |
| r-release-windows-x86_64 | 3.1 | 109.00 | 86.00 | 195.00 | NOTE | |
| r-oldrel-macos-arm64 | 3.1 | 17.00 | 21.00 | 38.00 | NOTE | |
| r-oldrel-macos-x86_64 | 3.1 | 16.00 | 34.00 | 50.00 | NOTE | |
| r-oldrel-windows-x86_64 | 3.1 | 141.00 | 99.00 | 240.00 | NOTE | 
Version: 3.1
Check: CRAN incoming feasibility
Result: NOTE
  Maintainer: ‘Vincent Larmet <larmet.vincent@gmail.com>’
  
  No Authors@R field in DESCRIPTION.
  Please add one, modifying
    Authors@R: person(given = "Vincent",
                      family = "Larmet",
                      role = c("aut", "cre"),
                      email = "larmet.vincent@gmail.com")
  as necessary.
Flavors: r-devel-linux-x86_64-debian-clang, r-devel-linux-x86_64-debian-gcc
Version: 3.1
Check: C++ specification
Result: NOTE
    Specified C++11: please drop specification unless essential
Flavors: r-devel-linux-x86_64-debian-clang, r-devel-linux-x86_64-debian-gcc, r-devel-linux-x86_64-fedora-clang, r-devel-linux-x86_64-fedora-gcc, r-devel-windows-x86_64, r-patched-linux-x86_64, r-release-linux-x86_64, r-release-macos-arm64, r-release-macos-x86_64, r-release-windows-x86_64, r-oldrel-macos-arm64, r-oldrel-macos-x86_64, r-oldrel-windows-x86_64
Version: 3.1
Check: dependencies in R code
Result: NOTE
  Namespace in Imports field not imported from: ‘RcppProgress’
    All declared Imports should be used.
Flavors: r-devel-linux-x86_64-fedora-clang, r-devel-linux-x86_64-fedora-gcc
Version: 3.1
Check: installed package size
Result: NOTE
    installed size is  7.1Mb
    sub-directories of 1Mb or more:
      libs   6.9Mb
Flavors: r-oldrel-macos-arm64, r-oldrel-macos-x86_64
Version: 3.1
Check: for GNU extensions in Makefiles
Result: NOTE
  GNU make is a SystemRequirements.
Flavors: r-oldrel-macos-arm64, r-oldrel-macos-x86_64, r-oldrel-windows-x86_64