Last updated on 2024-08-25 02:48:18 CEST.
Flavor | Version | Tinstall | Tcheck | Ttotal | Status | Flags |
---|---|---|---|---|---|---|
r-devel-linux-x86_64-debian-clang | 2.1.3.3 | 10.76 | 291.21 | 301.97 | OK | |
r-devel-linux-x86_64-debian-gcc | 2.1.3.3 | 8.52 | 186.03 | 194.55 | OK | |
r-devel-linux-x86_64-fedora-clang | 2.1.3.3 | 518.43 | NOTE | |||
r-devel-linux-x86_64-fedora-gcc | 2.1.3.3 | 531.51 | OK | |||
r-devel-windows-x86_64 | 2.1.3.3 | 15.00 | 261.00 | 276.00 | NOTE | |
r-patched-linux-x86_64 | 2.1.3.3 | 12.22 | 260.36 | 272.58 | OK | |
r-release-linux-x86_64 | 2.1.3.3 | 10.86 | 264.15 | 275.01 | OK | |
r-release-macos-arm64 | 2.1.3.3 | 139.00 | NOTE | |||
r-release-macos-x86_64 | 2.1.3.3 | 204.00 | NOTE | |||
r-release-windows-x86_64 | 2.1.3.3 | 14.00 | 253.00 | 267.00 | NOTE | |
r-oldrel-macos-arm64 | 2.1.3.3 | 136.00 | NOTE | |||
r-oldrel-macos-x86_64 | 2.1.3.3 | 269.00 | NOTE | |||
r-oldrel-windows-x86_64 | 2.1.3.3 | 19.00 | 320.00 | 339.00 | NOTE |
Version: 2.1.3.3
Check: installed package size
Result: NOTE
installed size is 5.1Mb
sub-directories of 1Mb or more:
doc 1.6Mb
extdata 2.7Mb
Flavors: r-devel-linux-x86_64-fedora-clang, r-devel-windows-x86_64, r-release-macos-arm64, r-release-macos-x86_64, r-release-windows-x86_64, r-oldrel-macos-arm64, r-oldrel-macos-x86_64, r-oldrel-windows-x86_64