Last updated on 2025-10-31 00:51:00 CET.
| Flavor | Version | Tinstall | Tcheck | Ttotal | Status | Flags | 
|---|---|---|---|---|---|---|
| r-devel-linux-x86_64-debian-clang | 0.2.1 | 9.65 | 101.39 | 111.04 | NOTE | |
| r-devel-linux-x86_64-debian-gcc | 0.2.1 | 6.28 | 73.88 | 80.16 | NOTE | |
| r-devel-linux-x86_64-fedora-clang | 0.2.1 | 20.00 | 146.39 | 166.39 | OK | |
| r-devel-linux-x86_64-fedora-gcc | 0.2.1 | 19.00 | 146.69 | 165.69 | OK | |
| r-devel-windows-x86_64 | 0.2.1 | 11.00 | 104.00 | 115.00 | OK | |
| r-patched-linux-x86_64 | 0.2.1 | 7.64 | 94.92 | 102.56 | OK | |
| r-release-linux-x86_64 | 0.2.1 | 8.41 | 95.23 | 103.64 | OK | |
| r-release-macos-arm64 | 0.2.1 | 3.00 | 42.00 | 45.00 | OK | |
| r-release-macos-x86_64 | 0.2.1 | 7.00 | 82.00 | 89.00 | OK | |
| r-release-windows-x86_64 | 0.2.1 | 11.00 | 105.00 | 116.00 | OK | |
| r-oldrel-macos-arm64 | 0.2.1 | 3.00 | 44.00 | 47.00 | OK | |
| r-oldrel-macos-x86_64 | 0.2.1 | 14.00 | 69.00 | 83.00 | OK | |
| r-oldrel-windows-x86_64 | 0.2.1 | 16.00 | 137.00 | 153.00 | OK | 
Version: 0.2.1
Check: CRAN incoming feasibility
Result: NOTE
  Maintainer: ‘Augustin Mutak <mutak94@gmail.com>’
  
  No Authors@R field in DESCRIPTION.
  Please add one, modifying
    Authors@R: person(given = "Augustin",
                      family = "Mutak",
                      role = c("aut", "cre"),
                      email = "mutak94@gmail.com")
  as necessary.
Flavors: r-devel-linux-x86_64-debian-clang, r-devel-linux-x86_64-debian-gcc