Last updated on 2025-10-31 00:51:00 CET.
| Flavor | Version | Tinstall | Tcheck | Ttotal | Status | Flags | 
|---|---|---|---|---|---|---|
| r-devel-linux-x86_64-debian-clang | 0.95 | 3.10 | 73.69 | 76.79 | NOTE | |
| r-devel-linux-x86_64-debian-gcc | 0.95 | 2.29 | 59.29 | 61.58 | NOTE | |
| r-devel-linux-x86_64-fedora-clang | 0.95 | 91.70 | NOTE | |||
| r-devel-linux-x86_64-fedora-gcc | 0.95 | 106.34 | NOTE | |||
| r-devel-windows-x86_64 | 0.95 | 4.00 | 66.00 | 70.00 | NOTE | |
| r-patched-linux-x86_64 | 0.95 | 2.97 | 70.87 | 73.84 | NOTE | |
| r-release-linux-x86_64 | 0.95 | 2.91 | 70.53 | 73.44 | NOTE | |
| r-release-macos-arm64 | 0.95 | 2.00 | 38.00 | 40.00 | NOTE | |
| r-release-macos-x86_64 | 0.95 | 3.00 | 58.00 | 61.00 | NOTE | |
| r-release-windows-x86_64 | 0.95 | 6.00 | 69.00 | 75.00 | NOTE | |
| r-oldrel-macos-arm64 | 0.95 | 2.00 | 54.00 | 56.00 | OK | |
| r-oldrel-macos-x86_64 | 0.95 | 3.00 | 94.00 | 97.00 | OK | |
| r-oldrel-windows-x86_64 | 0.95 | 4.00 | 79.00 | 83.00 | OK | 
Version: 0.95
Check: DESCRIPTION meta-information
Result: NOTE
    Missing dependency on R >= 4.1.0 because package code uses the pipe
    |> or function shorthand \(...) syntax added in R 4.1.0.
    File(s) using such syntax:
      ‘corrRect.hclust.Rd’
Flavors: r-devel-linux-x86_64-debian-clang, r-devel-linux-x86_64-debian-gcc, r-devel-linux-x86_64-fedora-clang, r-devel-linux-x86_64-fedora-gcc, r-devel-windows-x86_64, r-patched-linux-x86_64, r-release-linux-x86_64, r-release-macos-arm64, r-release-macos-x86_64, r-release-windows-x86_64