Last updated on 2025-10-31 00:51:00 CET.
| Flavor | Version | Tinstall | Tcheck | Ttotal | Status | Flags | 
|---|---|---|---|---|---|---|
| r-devel-linux-x86_64-debian-clang | 1.1 | 5.44 | 59.02 | 64.46 | NOTE | |
| r-devel-linux-x86_64-debian-gcc | 1.1 | 4.63 | 42.04 | 46.67 | NOTE | |
| r-devel-linux-x86_64-fedora-clang | 1.1 | 13.00 | 81.05 | 94.05 | OK | |
| r-devel-linux-x86_64-fedora-gcc | 1.1 | 21.00 | 70.86 | 91.86 | OK | |
| r-devel-windows-x86_64 | 1.1 | 8.00 | 68.00 | 76.00 | OK | |
| r-patched-linux-x86_64 | 1.1 | 5.44 | 53.85 | 59.29 | OK | |
| r-release-linux-x86_64 | 1.1 | 6.18 | 53.81 | 59.99 | OK | |
| r-release-macos-arm64 | 1.1 | 3.00 | 24.00 | 27.00 | OK | |
| r-release-macos-x86_64 | 1.1 | 6.00 | 56.00 | 62.00 | OK | |
| r-release-windows-x86_64 | 1.1 | 8.00 | 70.00 | 78.00 | OK | |
| r-oldrel-macos-arm64 | 1.1 | 2.00 | 22.00 | 24.00 | OK | |
| r-oldrel-macos-x86_64 | 1.1 | 7.00 | 33.00 | 40.00 | OK | |
| r-oldrel-windows-x86_64 | 1.1 | 10.00 | 88.00 | 98.00 | OK | 
Version: 1.1
Check: CRAN incoming feasibility
Result: NOTE
  Maintainer: ‘Santhosh Sasanapuri <santhosh458@gmail.com>’
  
  No Authors@R field in DESCRIPTION.
  Please add one, modifying
    Authors@R: c(person(given = "Navin",
                        family = "Loganathan",
                        role = "aut"),
                 person(given = "Mohan",
                        family = "Manivannan",
                        role = "aut"),
                 person(given = "Santhosh",
                        family = "Sasanapuri",
                        role = c("aut", "cre"),
                        email = "santhosh458@gmail.com"),
                 person(given = "LatentView",
                        family = "Analytics",
                        role = "ctb"))
  as necessary.
Flavors: r-devel-linux-x86_64-debian-clang, r-devel-linux-x86_64-debian-gcc