CRAN Package Check Results for Package convertr

Last updated on 2025-02-22 00:49:42 CET.

Flavor Version Tinstall Tcheck Ttotal Status Flags
r-devel-linux-x86_64-debian-clang 0.1 1.93 19.37 21.30 OK
r-devel-linux-x86_64-debian-gcc 0.1 1.52 15.81 17.33 OK
r-devel-linux-x86_64-fedora-clang 0.1 36.08 OK
r-devel-linux-x86_64-fedora-gcc 0.1 32.34 OK
r-devel-macos-arm64 0.1 16.00 OK
r-devel-macos-x86_64 0.1 28.00 OK
r-devel-windows-x86_64 0.1 4.00 44.00 48.00 OK
r-patched-linux-x86_64 0.1 1.99 18.72 20.71 NOTE
r-release-linux-x86_64 0.1 1.90 18.57 20.47 NOTE
r-release-macos-arm64 0.1 16.00 NOTE
r-release-macos-x86_64 0.1 26.00 NOTE
r-release-windows-x86_64 0.1 5.00 41.00 46.00 NOTE
r-oldrel-macos-arm64 0.1 20.00 NOTE
r-oldrel-macos-x86_64 0.1 23.00 NOTE
r-oldrel-windows-x86_64 0.1 4.00 41.00 45.00 NOTE

Check Details

Version: 0.1
Check: LazyData
Result: NOTE 'LazyData' is specified without a 'data' directory Flavors: r-patched-linux-x86_64, r-release-linux-x86_64, r-release-macos-arm64, r-release-macos-x86_64, r-release-windows-x86_64, r-oldrel-macos-arm64, r-oldrel-macos-x86_64, r-oldrel-windows-x86_64