Last updated on 2025-02-22 00:49:42 CET.
Flavor | Version | Tinstall | Tcheck | Ttotal | Status | Flags |
---|---|---|---|---|---|---|
r-devel-linux-x86_64-debian-clang | 1.0.4 | 6.20 | 48.04 | 54.24 | OK | |
r-devel-linux-x86_64-debian-gcc | 1.0.4 | 3.80 | 34.77 | 38.57 | OK | |
r-devel-linux-x86_64-fedora-clang | 1.0.4 | 90.47 | NOTE | |||
r-devel-linux-x86_64-fedora-gcc | 1.0.4 | 83.73 | NOTE | |||
r-devel-macos-arm64 | 1.0.4 | 32.00 | OK | |||
r-devel-macos-x86_64 | 1.0.4 | 70.00 | OK | |||
r-devel-windows-x86_64 | 1.0.4 | 7.00 | 64.00 | 71.00 | OK | |
r-patched-linux-x86_64 | 1.0.4 | 6.06 | 45.17 | 51.23 | OK | |
r-release-linux-x86_64 | 1.0.4 | 5.53 | 44.81 | 50.34 | OK | |
r-release-macos-arm64 | 1.0.4 | 29.00 | OK | |||
r-release-macos-x86_64 | 1.0.4 | 40.00 | OK | |||
r-release-windows-x86_64 | 1.0.4 | 8.00 | 66.00 | 74.00 | OK | |
r-oldrel-macos-arm64 | 1.0.4 | 33.00 | OK | |||
r-oldrel-macos-x86_64 | 1.0.4 | 43.00 | OK | |||
r-oldrel-windows-x86_64 | 1.0.4 | 10.00 | 73.00 | 83.00 | OK |
Version: 1.0.4
Check: dependencies in R code
Result: NOTE
Namespaces in Imports field not imported from:
‘scales’ ‘sna’
All declared Imports should be used.
Flavors: r-devel-linux-x86_64-fedora-clang, r-devel-linux-x86_64-fedora-gcc