Last updated on 2025-10-31 00:51:00 CET.
| Flavor | Version | Tinstall | Tcheck | Ttotal | Status | Flags | 
|---|---|---|---|---|---|---|
| r-devel-linux-x86_64-debian-clang | 0.2-5 | 5.10 | 42.64 | 47.74 | NOTE | |
| r-devel-linux-x86_64-debian-gcc | 0.2-5 | 3.24 | 30.12 | 33.36 | NOTE | |
| r-devel-linux-x86_64-fedora-clang | 0.2-5 | 11.00 | 58.09 | 69.09 | NOTE | |
| r-devel-linux-x86_64-fedora-gcc | 0.2-5 | 35.00 | 36.21 | 71.21 | NOTE | |
| r-devel-windows-x86_64 | 0.2-5 | 5.00 | 55.00 | 60.00 | OK | |
| r-patched-linux-x86_64 | 0.2-5 | 6.95 | 39.69 | 46.64 | OK | |
| r-release-linux-x86_64 | 0.2-5 | 5.12 | 39.27 | 44.39 | OK | |
| r-release-macos-arm64 | 0.2-5 | 2.00 | 19.00 | 21.00 | OK | |
| r-release-macos-x86_64 | 0.2-5 | 5.00 | 30.00 | 35.00 | OK | |
| r-release-windows-x86_64 | 0.2-5 | 5.00 | 59.00 | 64.00 | OK | |
| r-oldrel-macos-arm64 | 0.2-5 | 2.00 | 20.00 | 22.00 | OK | |
| r-oldrel-macos-x86_64 | 0.2-5 | 3.00 | 27.00 | 30.00 | OK | |
| r-oldrel-windows-x86_64 | 0.2-5 | 6.00 | 55.00 | 61.00 | OK | 
Version: 0.2-5
Check: CRAN incoming feasibility
Result: NOTE
  Maintainer: ‘AC Del Re <acdelre@gmail.com>’
  
  No Authors@R field in DESCRIPTION.
  Please add one, modifying
    Authors@R: person(given = c("AC", "Del"),
                      family = "Re",
                      role = c("aut", "cre"),
                      email = "acdelre@gmail.com")
  as necessary.
  
  Package CITATION file contains call(s) to old-style personList() or
  as.personList().  Please use c() on person objects instead.
  Package CITATION file contains call(s) to old-style citEntry().  Please
  use bibentry() instead.
Flavors: r-devel-linux-x86_64-debian-clang, r-devel-linux-x86_64-debian-gcc
Version: 0.2-5
Check: Rd files
Result: NOTE
  checkRd: (-1) compute.es-package.Rd:8-16: Only 2 columns allowed in this table (row 1 has 1)
  checkRd: (-1) compute.es-package.Rd:8-16: Only 2 columns allowed in this table (row 2 has 1)
  checkRd: (-1) compute.es-package.Rd:8-16: Only 2 columns allowed in this table (row 3 has 1)
  checkRd: (-1) compute.es-package.Rd:8-16: Only 2 columns allowed in this table (row 4 has 1)
  checkRd: (-1) compute.es-package.Rd:8-16: Only 2 columns allowed in this table (row 5 has 1)
  checkRd: (-1) compute.es-package.Rd:8-16: Only 2 columns allowed in this table (row 6 has 1)
  checkRd: (-1) compute.es-package.Rd:8-16: Only 2 columns allowed in this table (row 7 has 1)
Flavors: r-devel-linux-x86_64-debian-clang, r-devel-linux-x86_64-debian-gcc, r-devel-linux-x86_64-fedora-clang, r-devel-linux-x86_64-fedora-gcc