Last updated on 2025-02-22 00:49:41 CET.
Flavor | Version | Tinstall | Tcheck | Ttotal | Status | Flags |
---|---|---|---|---|---|---|
r-devel-linux-x86_64-debian-clang | 0.3.9 | 51.35 | 31.37 | 82.72 | NOTE | |
r-devel-linux-x86_64-debian-gcc | 0.3.9 | 40.63 | 23.91 | 64.54 | NOTE | |
r-devel-linux-x86_64-fedora-clang | 0.3.9 | 149.37 | NOTE | |||
r-devel-linux-x86_64-fedora-gcc | 0.3.9 | 158.62 | NOTE | |||
r-devel-macos-arm64 | 0.3.9 | 37.00 | NOTE | |||
r-devel-macos-x86_64 | 0.3.9 | 55.00 | NOTE | |||
r-devel-windows-x86_64 | 0.3.9 | 56.00 | 84.00 | 140.00 | NOTE | |
r-patched-linux-x86_64 | 0.3.9 | 56.43 | 29.84 | 86.27 | NOTE | |
r-release-linux-x86_64 | 0.3.9 | 57.98 | 29.94 | 87.92 | NOTE | |
r-release-macos-arm64 | 0.3.9 | 38.00 | NOTE | |||
r-release-macos-x86_64 | 0.3.9 | 52.00 | NOTE | |||
r-release-windows-x86_64 | 0.3.9 | 57.00 | 81.00 | 138.00 | NOTE | |
r-oldrel-macos-arm64 | 0.3.9 | 51.00 | NOTE | |||
r-oldrel-macos-x86_64 | 0.3.9 | 140.00 | NOTE | |||
r-oldrel-windows-x86_64 | 0.3.9 | 58.00 | 104.00 | 162.00 | OK |
Version: 0.3.9
Check: Rd files
Result: NOTE
checkRd: (-1) colour_values.Rd:143: Lost braces in \itemize; meant \describe ?
checkRd: (-1) colour_values.Rd:144: Lost braces in \itemize; meant \describe ?
checkRd: (-1) colour_values_rgb.Rd:143: Lost braces in \itemize; meant \describe ?
checkRd: (-1) colour_values_rgb.Rd:144: Lost braces in \itemize; meant \describe ?
Flavors: r-devel-linux-x86_64-debian-clang, r-devel-linux-x86_64-debian-gcc, r-devel-linux-x86_64-fedora-clang, r-devel-linux-x86_64-fedora-gcc, r-devel-macos-arm64, r-devel-macos-x86_64, r-devel-windows-x86_64, r-patched-linux-x86_64, r-release-linux-x86_64, r-release-macos-arm64, r-release-macos-x86_64, r-release-windows-x86_64
Version: 0.3.9
Check: installed package size
Result: NOTE
installed size is 7.0Mb
sub-directories of 1Mb or more:
libs 5.7Mb
Flavors: r-release-macos-arm64, r-release-macos-x86_64, r-oldrel-macos-arm64, r-oldrel-macos-x86_64