Last updated on 2025-10-31 00:51:00 CET.
| Flavor | Version | Tinstall | Tcheck | Ttotal | Status | Flags | 
|---|---|---|---|---|---|---|
| r-devel-linux-x86_64-debian-clang | 0.2-3 | 2.19 | 37.51 | 39.70 | NOTE | |
| r-devel-linux-x86_64-debian-gcc | 0.2-3 | 1.78 | 29.58 | 31.36 | NOTE | |
| r-devel-linux-x86_64-fedora-clang | 0.2-3 | 57.92 | OK | |||
| r-devel-linux-x86_64-fedora-gcc | 0.2-3 | 70.57 | OK | |||
| r-devel-windows-x86_64 | 0.2-3 | 3.00 | 70.00 | 73.00 | OK | |
| r-patched-linux-x86_64 | 0.2-3 | 2.49 | 35.19 | 37.68 | OK | |
| r-release-linux-x86_64 | 0.2-3 | 2.16 | 35.65 | 37.81 | OK | |
| r-release-macos-arm64 | 0.2-3 | 1.00 | 29.00 | 30.00 | OK | |
| r-release-macos-x86_64 | 0.2-3 | 2.00 | 54.00 | 56.00 | OK | |
| r-release-windows-x86_64 | 0.2-3 | 3.00 | 72.00 | 75.00 | OK | |
| r-oldrel-macos-arm64 | 0.2-3 | 1.00 | 33.00 | 34.00 | OK | |
| r-oldrel-macos-x86_64 | 0.2-3 | 2.00 | 70.00 | 72.00 | OK | |
| r-oldrel-windows-x86_64 | 0.2-3 | 6.00 | 79.00 | 85.00 | OK | 
Version: 0.2-3
Check: CRAN incoming feasibility
Result: NOTE
  Maintainer: ‘Gavin L. Simpson <ucfagls@gmail.com>’
  
  Package CITATION file contains call(s) to old-style personList() or
  as.personList().  Please use c() on person objects instead.
  Package CITATION file contains call(s) to old-style citEntry().  Please
  use bibentry() instead.
Flavors: r-devel-linux-x86_64-debian-clang, r-devel-linux-x86_64-debian-gcc