Last updated on 2025-02-22 00:49:41 CET.
Flavor | Version | Tinstall | Tcheck | Ttotal | Status | Flags |
---|---|---|---|---|---|---|
r-devel-linux-x86_64-debian-clang | 0.2.0 | 10.27 | 85.49 | 95.76 | OK | |
r-devel-linux-x86_64-debian-gcc | 0.2.0 | 6.62 | 58.01 | 64.63 | OK | |
r-devel-linux-x86_64-fedora-clang | 0.2.0 | 154.46 | OK | |||
r-devel-linux-x86_64-fedora-gcc | 0.2.0 | 142.59 | OK | |||
r-devel-macos-arm64 | 0.2.0 | 44.00 | OK | |||
r-devel-macos-x86_64 | 0.2.0 | 81.00 | OK | |||
r-devel-windows-x86_64 | 0.2.0 | 11.00 | 91.00 | 102.00 | OK | |
r-patched-linux-x86_64 | 0.2.0 | 8.81 | 78.31 | 87.12 | NOTE | |
r-release-linux-x86_64 | 0.2.0 | 8.72 | 79.35 | 88.07 | NOTE | |
r-release-macos-arm64 | 0.2.0 | 41.00 | NOTE | |||
r-release-macos-x86_64 | 0.2.0 | 67.00 | NOTE | |||
r-release-windows-x86_64 | 0.2.0 | 13.00 | 97.00 | 110.00 | NOTE | |
r-oldrel-macos-arm64 | 0.2.0 | 47.00 | NOTE | |||
r-oldrel-macos-x86_64 | 0.2.0 | 75.00 | NOTE | |||
r-oldrel-windows-x86_64 | 0.2.0 | 13.00 | 112.00 | 125.00 | NOTE |
Version: 0.2.0
Check: package dependencies
Result: NOTE
Package suggested but not available for checking: ‘disttree’
Flavors: r-patched-linux-x86_64, r-release-linux-x86_64, r-release-macos-arm64, r-release-macos-x86_64, r-release-windows-x86_64, r-oldrel-macos-arm64, r-oldrel-macos-x86_64, r-oldrel-windows-x86_64