Last updated on 2024-07-22 01:49:19 CEST.
Flavor | Version | Tinstall | Tcheck | Ttotal | Status | Flags |
---|---|---|---|---|---|---|
r-devel-linux-x86_64-debian-clang | 0.1-2 | 1.95 | 34.49 | 36.44 | NOTE | |
r-devel-linux-x86_64-debian-gcc | 0.1-2 | 2.19 | 26.74 | 28.93 | NOTE | |
r-devel-linux-x86_64-fedora-clang | 0.1-2 | 52.08 | NOTE | |||
r-devel-linux-x86_64-fedora-gcc | 0.1-2 | 66.37 | NOTE | |||
r-devel-windows-x86_64 | 0.1-2 | 4.00 | 48.00 | 52.00 | NOTE | |
r-patched-linux-x86_64 | 0.1-2 | 3.05 | 33.95 | 37.00 | NOTE | |
r-release-linux-x86_64 | 0.1-2 | 2.72 | 33.72 | 36.44 | NOTE | |
r-release-macos-arm64 | 0.1-2 | 24.00 | NOTE | |||
r-release-macos-x86_64 | 0.1-2 | 36.00 | NOTE | |||
r-release-windows-x86_64 | 0.1-2 | 3.00 | 49.00 | 52.00 | NOTE | |
r-oldrel-macos-arm64 | 0.1-2 | 28.00 | NOTE | |||
r-oldrel-macos-x86_64 | 0.1-2 | 37.00 | NOTE | |||
r-oldrel-windows-x86_64 | 0.1-2 | 4.00 | 50.00 | 54.00 | NOTE |
Version: 0.1-2
Check: package dependencies
Result: NOTE
Package suggested but not available for checking: ‘tobit1’
Flavors: r-devel-linux-x86_64-debian-clang, r-devel-linux-x86_64-debian-gcc, r-devel-linux-x86_64-fedora-clang, r-devel-linux-x86_64-fedora-gcc, r-devel-windows-x86_64, r-patched-linux-x86_64, r-release-linux-x86_64, r-release-macos-arm64, r-release-macos-x86_64, r-release-windows-x86_64, r-oldrel-macos-arm64, r-oldrel-macos-x86_64, r-oldrel-windows-x86_64