Last updated on 2025-10-31 00:50:59 CET.
| Flavor | Version | Tinstall | Tcheck | Ttotal | Status | Flags | 
|---|---|---|---|---|---|---|
| r-devel-linux-x86_64-debian-clang | 0.3-2.5 | 6.18 | 33.18 | 39.36 | OK | |
| r-devel-linux-x86_64-debian-gcc | 0.3-2.5 | 4.73 | 25.35 | 30.08 | OK | |
| r-devel-linux-x86_64-fedora-clang | 0.3-2.5 | 12.00 | 47.12 | 59.12 | NOTE | |
| r-devel-linux-x86_64-fedora-gcc | 0.3-2.5 | 14.00 | 42.49 | 56.49 | NOTE | |
| r-devel-windows-x86_64 | 0.3-2.5 | 12.00 | 53.00 | 65.00 | OK | |
| r-patched-linux-x86_64 | 0.3-2.5 | 5.74 | 31.23 | 36.97 | OK | |
| r-release-linux-x86_64 | 0.3-2.5 | 5.75 | 31.45 | 37.20 | OK | |
| r-release-macos-arm64 | 0.3-2.5 | 7.00 | 41.00 | 48.00 | OK | |
| r-release-macos-x86_64 | 0.3-2.5 | 15.00 | 56.00 | 71.00 | OK | |
| r-release-windows-x86_64 | 0.3-2.5 | 12.00 | 55.00 | 67.00 | OK | |
| r-oldrel-macos-arm64 | 0.3-2.5 | 8.00 | 38.00 | 46.00 | OK | |
| r-oldrel-macos-x86_64 | 0.3-2.5 | 8.00 | 56.00 | 64.00 | OK | |
| r-oldrel-windows-x86_64 | 0.3-2.5 | 16.00 | 61.00 | 77.00 | OK | 
Version: 0.3-2.5
Check: compiled code
Result: NOTE
  File ‘clv/libs/clv.so’:
    Found no calls to: ‘R_registerRoutines’, ‘R_useDynamicSymbols’
  
  It is good practice to register native routines and to disable symbol
  search.
  
  See ‘Writing portable packages’ in the ‘Writing R Extensions’ manual.
Flavors: r-devel-linux-x86_64-fedora-clang, r-devel-linux-x86_64-fedora-gcc