Last updated on 2025-10-31 00:50:59 CET.
| Flavor | Version | Tinstall | Tcheck | Ttotal | Status | Flags | 
|---|---|---|---|---|---|---|
| r-devel-linux-x86_64-debian-clang | 0.1.3 | 267.65 | 67.61 | 335.26 | OK | |
| r-devel-linux-x86_64-debian-gcc | 0.1.3 | 185.83 | 52.18 | 238.01 | OK | |
| r-devel-linux-x86_64-fedora-clang | 0.1.3 | 578.00 | 136.93 | 714.93 | OK | |
| r-devel-linux-x86_64-fedora-gcc | 0.1.3 | 541.00 | 89.52 | 630.52 | OK | |
| r-devel-windows-x86_64 | 0.1.3 | 332.00 | 110.00 | 442.00 | OK | |
| r-patched-linux-x86_64 | 0.1.3 | 271.51 | 62.97 | 334.48 | OK | |
| r-release-linux-x86_64 | 0.1.3 | 265.42 | 64.06 | 329.48 | OK | |
| r-release-macos-arm64 | 0.1.3 | 101.00 | 30.00 | 131.00 | OK | |
| r-release-macos-x86_64 | 0.1.3 | 69.00 | 68.00 | 137.00 | OK | |
| r-release-windows-x86_64 | 0.1.3 | 326.00 | 113.00 | 439.00 | OK | |
| r-oldrel-macos-arm64 | 0.1.3 | 97.00 | 45.00 | 142.00 | NOTE | |
| r-oldrel-macos-x86_64 | 0.1.3 | 87.00 | 78.00 | 165.00 | NOTE | |
| r-oldrel-windows-x86_64 | 0.1.3 | 381.00 | 144.00 | 525.00 | OK | 
Version: 0.1.3
Check: installed package size
Result: NOTE
    installed size is 19.5Mb
    sub-directories of 1Mb or more:
      libs  19.1Mb
Flavors: r-oldrel-macos-arm64, r-oldrel-macos-x86_64