Last updated on 2025-10-31 00:50:59 CET.
| Flavor | Version | Tinstall | Tcheck | Ttotal | Status | Flags | 
|---|---|---|---|---|---|---|
| r-devel-linux-x86_64-debian-clang | 1.0 | 8.66 | 74.62 | 83.28 | NOTE | |
| r-devel-linux-x86_64-debian-gcc | 1.0 | 5.95 | 49.96 | 55.91 | NOTE | |
| r-devel-linux-x86_64-fedora-clang | 1.0 | 20.00 | 101.44 | 121.44 | NOTE | |
| r-devel-linux-x86_64-fedora-gcc | 1.0 | 16.00 | 93.46 | 109.46 | NOTE | |
| r-devel-windows-x86_64 | 1.0 | 12.00 | 74.00 | 86.00 | OK | |
| r-patched-linux-x86_64 | 1.0 | 6.54 | 63.93 | 70.47 | OK | |
| r-release-linux-x86_64 | 1.0 | 7.31 | 64.49 | 71.80 | OK | |
| r-release-macos-arm64 | 1.0 | 3.00 | 26.00 | 29.00 | OK | |
| r-release-macos-x86_64 | 1.0 | 6.00 | 48.00 | 54.00 | OK | |
| r-release-windows-x86_64 | 1.0 | 10.00 | 74.00 | 84.00 | OK | |
| r-oldrel-macos-arm64 | 1.0 | 3.00 | 26.00 | 29.00 | OK | |
| r-oldrel-macos-x86_64 | 1.0 | 4.00 | 46.00 | 50.00 | OK | |
| r-oldrel-windows-x86_64 | 1.0 | 13.00 | 97.00 | 110.00 | OK | 
Version: 1.0
Check: CRAN incoming feasibility
Result: NOTE
  Maintainer: ‘Dan S. Reznik <dreznik@gmail.com>’
  
  No Authors@R field in DESCRIPTION.
  Please add one, modifying
    Authors@R: person(given = c("Dan", "S."),
                      family = "Reznik",
                      role = c("aut", "cre"),
                      email = "dreznik@gmail.com")
  as necessary.
Flavors: r-devel-linux-x86_64-debian-clang, r-devel-linux-x86_64-debian-gcc
Version: 1.0
Check: dependencies in R code
Result: NOTE
  Namespace in Imports field not imported from: ‘stringi’
    All declared Imports should be used.
Flavors: r-devel-linux-x86_64-fedora-clang, r-devel-linux-x86_64-fedora-gcc