Last updated on 2025-10-31 00:50:59 CET.
| Flavor | Version | Tinstall | Tcheck | Ttotal | Status | Flags | 
|---|---|---|---|---|---|---|
| r-devel-linux-x86_64-debian-clang | 0.1.0 | 198.54 | 1097.94 | 1296.48 | OK | |
| r-devel-linux-x86_64-debian-gcc | 0.1.0 | 176.57 | 766.78 | 943.35 | OK | |
| r-devel-linux-x86_64-fedora-clang | 0.1.0 | 720.00 | 6160.28 | 6880.28 | ERROR | |
| r-devel-linux-x86_64-fedora-gcc | 0.1.0 | 566.00 | 1023.73 | 1589.73 | ERROR | |
| r-devel-windows-x86_64 | 0.1.0 | 198.00 | 754.00 | 952.00 | OK | |
| r-patched-linux-x86_64 | 0.1.0 | 221.91 | 1136.91 | 1358.82 | OK | |
| r-release-linux-x86_64 | 0.1.0 | 226.38 | 1139.91 | 1366.29 | OK | |
| r-release-macos-arm64 | 0.1.0 | 95.00 | 263.00 | 358.00 | OK | |
| r-release-macos-x86_64 | 0.1.0 | 207.00 | 482.00 | 689.00 | OK | |
| r-release-windows-x86_64 | 0.1.0 | 195.00 | 744.00 | 939.00 | OK | |
| r-oldrel-macos-arm64 | 0.1.0 | 77.00 | 232.00 | 309.00 | NOTE | |
| r-oldrel-macos-x86_64 | 0.1.0 | 166.00 | 319.00 | 485.00 | NOTE | |
| r-oldrel-windows-x86_64 | 0.1.0 | 246.00 | 859.00 | 1105.00 | OK | 
Version: 0.1.0
Check: re-building of vignette outputs
Result: ERROR
  Error(s) in re-building vignettes:
  --- re-building ‘CovarianceStructure.Rmd’ using rmarkdown
  [WARNING] Deprecated: --highlight-style. Use --syntax-highlighting instead.
  --- finished re-building ‘CovarianceStructure.Rmd’
  
  --- re-building ‘SpatialExMeuseData.Rmd’ using rmarkdown
  OMP: Warning #96: Cannot form a team with 24 threads, using 2 instead.
  OMP: Hint Consider unsetting KMP_DEVICE_THREAD_LIMIT (KMP_ALL_THREADS), KMP_TEAMS_THREAD_LIMIT, and OMP_THREAD_LIMIT (if any are set).
  SUMMARY: processing the following file failed:
    ‘SpatialExMeuseData.Rmd’
  
  Error: Vignette re-building failed.
  Execution halted
Flavor: r-devel-linux-x86_64-fedora-clang
Version: 0.1.0
Check: re-building of vignette outputs
Result: ERROR
  Error(s) in re-building vignettes:
  --- re-building ‘CovarianceStructure.Rmd’ using rmarkdown
  [WARNING] Deprecated: --highlight-style. Use --syntax-highlighting instead.
  --- finished re-building ‘CovarianceStructure.Rmd’
  
  Warning: elapsed-time limit of 1 hours reached for sub-process
  --- re-building ‘SpatialExMeuseData.Rmd’ using rmarkdown
  SUMMARY: processing the following file failed:
    ‘SpatialExMeuseData.Rmd’
  
  Error: Vignette re-building failed.
  Execution halted
Flavor: r-devel-linux-x86_64-fedora-gcc
Version: 0.1.0
Check: installed package size
Result: NOTE
    installed size is 84.4Mb
    sub-directories of 1Mb or more:
      libs  83.9Mb
Flavors: r-oldrel-macos-arm64, r-oldrel-macos-x86_64