Last updated on 2025-10-31 00:50:59 CET.
| Flavor | Version | Tinstall | Tcheck | Ttotal | Status | Flags | 
|---|---|---|---|---|---|---|
| r-devel-linux-x86_64-debian-clang | 2.0.0 | 3.02 | 22.59 | 25.61 | OK | |
| r-devel-linux-x86_64-debian-gcc | 2.0.0 | 2.35 | 17.50 | 19.85 | OK | |
| r-devel-linux-x86_64-fedora-clang | 2.0.0 | 39.00 | OK | |||
| r-devel-linux-x86_64-fedora-gcc | 2.0.0 | 36.47 | OK | |||
| r-devel-windows-x86_64 | 2.0.0 | 5.00 | 31.00 | 36.00 | OK | |
| r-patched-linux-x86_64 | 2.0.0 | 2.71 | 21.12 | 23.83 | OK | |
| r-release-linux-x86_64 | 2.0.0 | 3.00 | 21.01 | 24.01 | OK | |
| r-release-macos-arm64 | 2.0.0 | 2.00 | 15.00 | 17.00 | OK | |
| r-release-macos-x86_64 | 2.0.0 | 3.00 | 22.00 | 25.00 | OK | |
| r-release-windows-x86_64 | 2.0.0 | 5.00 | 32.00 | 37.00 | OK | |
| r-oldrel-macos-arm64 | 2.0.0 | 2.00 | 13.00 | 15.00 | NOTE | |
| r-oldrel-macos-x86_64 | 2.0.0 | 2.00 | 19.00 | 21.00 | NOTE | |
| r-oldrel-windows-x86_64 | 2.0.0 | 5.00 | 40.00 | 45.00 | NOTE | 
Version: 2.0.0
Check: LazyData
Result: NOTE
    'LazyData' is specified without a 'data' directory
Flavors: r-oldrel-macos-arm64, r-oldrel-macos-x86_64, r-oldrel-windows-x86_64